{"id":159,"date":"2023-06-25T17:29:08","date_gmt":"2023-06-25T15:29:08","guid":{"rendered":"https:\/\/acpv.cat\/accionat\/?page_id=159"},"modified":"2024-01-31T13:22:55","modified_gmt":"2024-01-31T12:22:55","slug":"gestio-economica","status":"publish","type":"page","link":"https:\/\/acpv.cat\/accionat\/recursos\/gestio-economica\/","title":{"rendered":"GESTI\u00d3 ECON\u00d2MICA"},"content":{"rendered":"<p>[et_pb_section fb_built=&#8221;1&#8243; admin_label=&#8221;Header&#8221; _builder_version=&#8221;4.16&#8243; _module_preset=&#8221;default&#8221; background_color=&#8221;#f5f3ee&#8221; global_colors_info=&#8221;{}&#8221;][et_pb_row column_structure=&#8221;1_2,1_2&#8243; _builder_version=&#8221;4.16&#8243; _module_preset=&#8221;default&#8221; custom_padding=&#8221;|0px||||&#8221; global_colors_info=&#8221;{}&#8221;][et_pb_column type=&#8221;1_2&#8243; _builder_version=&#8221;4.16&#8243; _module_preset=&#8221;default&#8221; custom_padding=&#8221;6%||||false|false&#8221; custom_padding_tablet=&#8221;0%||||false|false&#8221; custom_padding_phone=&#8221;&#8221; custom_padding_last_edited=&#8221;on|tablet&#8221; global_colors_info=&#8221;{}&#8221;][et_pb_text _builder_version=&#8221;4.24.0&#8243; _module_preset=&#8221;534cc526-6274-4e31-9e1a-7f18a5947bf1&#8243; header_4_font=&#8221;DM Sans|700||on|||||&#8221; header_4_text_color=&#8221;#EF8451&#8243; header_4_font_size=&#8221;14px&#8221; header_4_letter_spacing=&#8221;1px&#8221; header_4_line_height=&#8221;1.5em&#8221; custom_margin=&#8221;||0px||false|false&#8221; header_4_font_size_tablet=&#8221;14px&#8221; header_4_font_size_phone=&#8221;&#8221; header_4_font_size_last_edited=&#8221;on|tablet&#8221; locked=&#8221;off&#8221; global_colors_info=&#8221;{}&#8221;]<\/p>\n<h4>directori<\/h4>\n<p>[\/et_pb_text][et_pb_text _builder_version=&#8221;4.24.0&#8243; _module_preset=&#8221;e864d11f-3dab-4fa3-ac06-4f0e1a260807&#8243; header_font=&#8221;DM Sans||||||||&#8221; header_text_color=&#8221;#093532&#8243; header_font_size=&#8221;64px&#8221; header_letter_spacing=&#8221;-0.02em&#8221; header_line_height=&#8221;1.15em&#8221; custom_margin=&#8221;||16px||false|false&#8221; header_font_size_tablet=&#8221;40px&#8221; header_font_size_phone=&#8221;24px&#8221; header_font_size_last_edited=&#8221;on|desktop&#8221; locked=&#8221;off&#8221; global_colors_info=&#8221;{}&#8221;]<\/p>\n<h1>Gesti\u00f3 econ\u00f2mica<\/h1>\n<p>[\/et_pb_text][\/et_pb_column][et_pb_column type=&#8221;1_2&#8243; _builder_version=&#8221;4.16&#8243; _module_preset=&#8221;default&#8221; global_colors_info=&#8221;{}&#8221;][et_pb_image src=&#8221;https:\/\/acpv.cat\/accionat\/wp-content\/uploads\/2024\/01\/economia2_icon.png&#8221; title_text=&#8221;economia2_icon&#8221; align=&#8221;center&#8221; _builder_version=&#8221;4.24.0&#8243; _module_preset=&#8221;default&#8221; max_height=&#8221;350px&#8221; locked=&#8221;off&#8221; global_colors_info=&#8221;{}&#8221;][\/et_pb_image][\/et_pb_column][\/et_pb_row][\/et_pb_section][et_pb_section fb_built=&#8221;1&#8243; _builder_version=&#8221;4.24.0&#8243; _module_preset=&#8221;default&#8221; global_colors_info=&#8221;{}&#8221;][et_pb_row column_structure=&#8221;1_2,1_2&#8243; _builder_version=&#8221;4.24.0&#8243; _module_preset=&#8221;default&#8221; global_colors_info=&#8221;{}&#8221;][et_pb_column type=&#8221;1_2&#8243; _builder_version=&#8221;4.24.0&#8243; _module_preset=&#8221;default&#8221; global_colors_info=&#8221;{}&#8221;][et_pb_text _builder_version=&#8221;4.24.0&#8243; _module_preset=&#8221;default&#8221; global_colors_info=&#8221;{}&#8221;]<\/p>\n<p>El podeu descarregar ac\u00ed:\u00a0<a href=\"https:\/\/tjussana.cat\/wp-content\/uploads\/2022\/02\/UP_12.pdf\" target=\"_blank\" rel=\"noreferrer noopener\">https:\/\/tjussana.cat\/wp-content\/uploads\/2022\/02\/UP_12.pdf<\/a><\/p>\n<p>[\/et_pb_text][\/et_pb_column][et_pb_column type=&#8221;1_2&#8243; _builder_version=&#8221;4.24.0&#8243; _module_preset=&#8221;default&#8221; global_colors_info=&#8221;{}&#8221;][et_pb_image src=&#8221;https:\/\/acpv.cat\/accionat\/wp-content\/uploads\/2023\/06\/Captura-de-pantalla-2023-06-25-a-les-17.55.48.png&#8221; title_text=&#8221;Captura-de-pantalla-2023-06-25-a-les-17.55.48&#8243; _builder_version=&#8221;4.24.0&#8243; _module_preset=&#8221;default&#8221; global_colors_info=&#8221;{}&#8221;][\/et_pb_image][\/et_pb_column][\/et_pb_row][et_pb_row _builder_version=&#8221;4.24.0&#8243; _module_preset=&#8221;default&#8221; global_colors_info=&#8221;{}&#8221;][et_pb_column type=&#8221;4_4&#8243; _builder_version=&#8221;4.24.0&#8243; _module_preset=&#8221;default&#8221; global_colors_info=&#8221;{}&#8221;][et_pb_divider color=&#8221;#000000&#8243; divider_style=&#8221;dashed&#8221; _builder_version=&#8221;4.24.0&#8243; _module_preset=&#8221;default&#8221; global_colors_info=&#8221;{}&#8221;][\/et_pb_divider][\/et_pb_column][\/et_pb_row][et_pb_row column_structure=&#8221;1_2,1_2&#8243; _builder_version=&#8221;4.24.0&#8243; _module_preset=&#8221;default&#8221; global_colors_info=&#8221;{}&#8221;][et_pb_column type=&#8221;1_2&#8243; _builder_version=&#8221;4.24.0&#8243; _module_preset=&#8221;default&#8221; global_colors_info=&#8221;{}&#8221;][et_pb_image src=&#8221;https:\/\/acpv.cat\/accionat\/wp-content\/uploads\/2023\/06\/Captura-de-pantalla-2023-06-25-a-les-17.41.34.png&#8221; title_text=&#8221;Captura-de-pantalla-2023-06-25-a-les-17.41.34&#8243; _builder_version=&#8221;4.24.0&#8243; _module_preset=&#8221;default&#8221; global_colors_info=&#8221;{}&#8221;][\/et_pb_image][\/et_pb_column][et_pb_column type=&#8221;1_2&#8243; _builder_version=&#8221;4.24.0&#8243; _module_preset=&#8221;default&#8221; global_colors_info=&#8221;{}&#8221;][et_pb_text _builder_version=&#8221;4.24.0&#8243; _module_preset=&#8221;default&#8221; global_colors_info=&#8221;{}&#8221;]<\/p>\n<p>\u00c9s un manual orientat tant a les persones que porten la comptabilitat en una associaci\u00f3, com a les persones que han de prendre decisions a partir del n\u00fameros.<\/p>\n<p>El public\u00e0 l\u2019Ajuntament de Barcelona fa anys. El podeu descarregar ac\u00ed:\u00a0<a href=\"https:\/\/tjussana.cat\/wp-content\/uploads\/2022\/02\/UP_9.pdf\">https:\/\/tjussana.cat\/wp-content\/uploads\/2022\/02\/UP_9.pdf<\/a><\/p>\n<p>[\/et_pb_text][\/et_pb_column][\/et_pb_row][et_pb_row _builder_version=&#8221;4.24.0&#8243; _module_preset=&#8221;default&#8221; global_colors_info=&#8221;{}&#8221;][et_pb_column type=&#8221;4_4&#8243; _builder_version=&#8221;4.24.0&#8243; _module_preset=&#8221;default&#8221; global_colors_info=&#8221;{}&#8221;][et_pb_divider color=&#8221;#000000&#8243; divider_style=&#8221;dashed&#8221; _builder_version=&#8221;4.24.0&#8243; _module_preset=&#8221;default&#8221; global_colors_info=&#8221;{}&#8221;][\/et_pb_divider][\/et_pb_column][\/et_pb_row][et_pb_row column_structure=&#8221;1_2,1_2&#8243; _builder_version=&#8221;4.24.0&#8243; _module_preset=&#8221;default&#8221; global_colors_info=&#8221;{}&#8221;][et_pb_column type=&#8221;1_2&#8243; _builder_version=&#8221;4.24.0&#8243; _module_preset=&#8221;default&#8221; global_colors_info=&#8221;{}&#8221;][et_pb_text _builder_version=&#8221;4.24.0&#8243; _module_preset=&#8221;default&#8221; hover_enabled=&#8221;0&#8243; global_colors_info=&#8221;{}&#8221; sticky_enabled=&#8221;0&#8243;]<\/p>\n<p>Aquest manual publicat per la Fundaci\u00f3 Horta Sud ens mostra quines s\u00f3n les obligacions de les entitats amb<br \/>la Hisenda P\u00fablica i de tot all\u00f2 relatiu a l\u2019Impost sobre Societats.<\/p>\n<p>L\u2019Impost de Societats \u00e9s\u00a0una mena de declaraci\u00f3 de la renda de la nostra associaci\u00f3, en la qual hem\u00a0de reflectir tots els nostres ingressos i despeses i, en el seu cas, pagar\u00a0l\u2019impost corresponent sobre el\u00a0benefici obtingut.<\/p>\n<p>\u00c9s molt complet i el podeu descarregar ac\u00ed:<span>\u00a0<\/span><a href=\"https:\/\/fundaciohortasud.org\/wp-content\/uploads\/2020\/05\/QP-Manual-b%C3%A0sic-sobre-l%E2%80%99Impost-de-Societats-5%C2%AA-Edici%C3%B3-2020.pdf\">https:\/\/fundaciohortasud.org\/wp-content\/uploads\/2020\/05\/QP-Manual-b\u00e0sic-sobre-l\u2019Impost-de-Societats-5\u00aa-Edici\u00f3-2020.pdf<\/a><\/p>\n<p>[\/et_pb_text][\/et_pb_column][et_pb_column type=&#8221;1_2&#8243; _builder_version=&#8221;4.24.0&#8243; _module_preset=&#8221;default&#8221; global_colors_info=&#8221;{}&#8221;][et_pb_image src=&#8221;https:\/\/acpv.cat\/accionat\/wp-content\/uploads\/2023\/06\/Captura-de-pantalla-2023-06-25-a-les-17.29.54.png&#8221; title_text=&#8221;Captura-de-pantalla-2023-06-25-a-les-17.29.54&#8243; _builder_version=&#8221;4.24.0&#8243; _module_preset=&#8221;default&#8221; global_colors_info=&#8221;{}&#8221;][\/et_pb_image][\/et_pb_column][\/et_pb_row][\/et_pb_section][et_pb_section fb_built=&#8221;1&#8243; admin_label=&#8221;PEU MISSATGE&#8221; _builder_version=&#8221;4.16&#8243; _module_preset=&#8221;default&#8221; background_color=&#8221;#0f393b&#8221; custom_padding=&#8221;5vw||5vw||true|false&#8221; border_radii=&#8221;off|20px|20px||&#8221; saved_tabs=&#8221;all&#8221; locked=&#8221;off&#8221; global_colors_info=&#8221;{}&#8221;][et_pb_row _builder_version=&#8221;4.16&#8243; _module_preset=&#8221;default&#8221; global_colors_info=&#8221;{}&#8221;][et_pb_column type=&#8221;4_4&#8243; _builder_version=&#8221;4.16&#8243; _module_preset=&#8221;default&#8221; global_colors_info=&#8221;{}&#8221;][et_pb_text _builder_version=&#8221;4.24.0&#8243; _module_preset=&#8221;df96b77a-cd4f-44a8-a771-2d6347592b53&#8243; header_2_font=&#8221;DM Sans||||||||&#8221; header_2_text_align=&#8221;center&#8221; header_2_text_color=&#8221;#FFFFFF&#8221; header_2_font_size=&#8221;50px&#8221; header_2_letter_spacing=&#8221;-0.02em&#8221; header_2_line_height=&#8221;1.15em&#8221; max_width=&#8221;960px&#8221; module_alignment=&#8221;center&#8221; header_2_text_align_tablet=&#8221;left&#8221; header_2_text_align_phone=&#8221;&#8221; header_2_text_align_last_edited=&#8221;on|phone&#8221; header_2_font_size_tablet=&#8221;32px&#8221; header_2_font_size_phone=&#8221;20px&#8221; header_2_font_size_last_edited=&#8221;on|desktop&#8221; locked=&#8221;off&#8221; global_colors_info=&#8221;{}&#8221;]<\/p>\n<h2>Les associacions s\u00f3n la possibilitat i el futur per a vertebrar el nostre Pa\u00eds Valenci\u00e0.<\/h2>\n<p>&nbsp;<\/p>\n<p>[\/et_pb_text][\/et_pb_column][\/et_pb_row][et_pb_row column_structure=&#8221;1_2,1_2&#8243; _builder_version=&#8221;4.24.0&#8243; _module_preset=&#8221;default&#8221; custom_padding=&#8221;0px||||false|false&#8221; global_colors_info=&#8221;{}&#8221;][et_pb_column type=&#8221;1_2&#8243; _builder_version=&#8221;4.24.0&#8243; _module_preset=&#8221;default&#8221; global_colors_info=&#8221;{}&#8221;][et_pb_text _builder_version=&#8221;4.16&#8243; _module_preset=&#8221;default&#8221; text_font=&#8221;DM Sans||||||||&#8221; text_text_color=&#8221;#FFFFFF&#8221; text_font_size=&#8221;22px&#8221; link_text_color=&#8221;#FFFFFF&#8221; text_orientation=&#8221;right&#8221; text_font_size_tablet=&#8221;18px&#8221; text_font_size_phone=&#8221;14px&#8221; text_font_size_last_edited=&#8221;on|tablet&#8221; text_orientation_tablet=&#8221;left&#8221; text_orientation_phone=&#8221;&#8221; text_orientation_last_edited=&#8221;on|tablet&#8221; global_colors_info=&#8221;{}&#8221; link_text_color__hover_enabled=&#8221;on|hover&#8221; link_text_color__hover=&#8221;#FFFFFF&#8221;]<\/p>\n<p>Correu-e: <a href=\"mailto:hello@divingo.com\">accionat@acpv.cat<\/a><\/p>\n<p>[\/et_pb_text][\/et_pb_column][et_pb_column type=&#8221;1_2&#8243; _builder_version=&#8221;4.16&#8243; _module_preset=&#8221;default&#8221; global_colors_info=&#8221;{}&#8221;][et_pb_text _builder_version=&#8221;4.16&#8243; _module_preset=&#8221;default&#8221; text_font=&#8221;DM Sans||||||||&#8221; text_text_color=&#8221;#FFFFFF&#8221; text_font_size=&#8221;22px&#8221; link_text_color=&#8221;#FFFFFF&#8221; text_font_size_tablet=&#8221;18px&#8221; text_font_size_phone=&#8221;14px&#8221; text_font_size_last_edited=&#8221;on|tablet&#8221; locked=&#8221;off&#8221; global_colors_info=&#8221;{}&#8221; link_text_color__hover_enabled=&#8221;on|hover&#8221; link_text_color__hover=&#8221;#FFFFFF&#8221;]<\/p>\n<p>Tel\u00e8fon: 96 315 77 99<\/p>\n<p>[\/et_pb_text][\/et_pb_column][\/et_pb_row][\/et_pb_section]<\/p>\n","protected":false},"excerpt":{"rendered":"<p>directoriGesti\u00f3 econ\u00f2micaEl podeu descarregar ac\u00ed:\u00a0https:\/\/tjussana.cat\/wp-content\/uploads\/2022\/02\/UP_12.pdf\u00c9s un manual orientat tant a les persones que porten la comptabilitat en una associaci\u00f3, com a les persones que han de prendre decisions a partir del n\u00fameros. El public\u00e0 l\u2019Ajuntament de Barcelona fa anys. El podeu descarregar ac\u00ed:\u00a0https:\/\/tjussana.cat\/wp-content\/uploads\/2022\/02\/UP_9.pdfAquest manual publicat per la Fundaci\u00f3 Horta Sud ens mostra quines s\u00f3n les [&hellip;]<\/p>\n","protected":false},"author":2,"featured_media":0,"parent":45,"menu_order":0,"comment_status":"closed","ping_status":"closed","template":"","meta":{"_et_pb_use_builder":"on","_et_pb_old_content":"<!-- wp:media-text {\"mediaId\":166,\"mediaLink\":\"https:\/\/acpv.cat\/accionat\/recursos\/gestio-economica\/captura-de-pantalla-2023-06-25-a-les-17-55-48\/\",\"mediaType\":\"image\"} -->\r\n<div class=\"wp-block-media-text alignwide is-stacked-on-mobile\">\r\n<figure class=\"wp-block-media-text__media\"><img class=\"wp-image-166 size-full\" src=\"https:\/\/acpv.cat\/accionat\/wp-content\/uploads\/2023\/06\/Captura-de-pantalla-2023-06-25-a-les-17.55.48.png\" alt=\"\" \/><\/figure>\r\n<div class=\"wp-block-media-text__content\"><!-- wp:paragraph {\"placeholder\":\"Contingut...\"} -->\r\n<p>El podeu descarregar ac\u00ed: <a href=\"https:\/\/tjussana.cat\/wp-content\/uploads\/2022\/02\/UP_12.pdf\" target=\"_blank\" rel=\"noreferrer noopener\">https:\/\/tjussana.cat\/wp-content\/uploads\/2022\/02\/UP_12.pdf<\/a><\/p>\r\n<!-- \/wp:paragraph --><\/div>\r\n<\/div>\r\n<!-- \/wp:media-text --><!-- wp:media-text {\"mediaPosition\":\"right\",\"mediaId\":165,\"mediaLink\":\"https:\/\/acpv.cat\/accionat\/recursos\/gestio-economica\/captura-de-pantalla-2023-06-25-a-les-17-41-34\/\",\"mediaType\":\"image\"} -->\r\n<div class=\"wp-block-media-text alignwide has-media-on-the-right is-stacked-on-mobile\">\r\n<div class=\"wp-block-media-text__content\"><!-- wp:paragraph {\"placeholder\":\"Contingut...\"} -->\r\n<p>\u00c9s un manual orientat tant a les persones que porten la comptabilitat en una associaci\u00f3, com a les persones que han de prendre decisions a partir del n\u00fameros.<\/p>\r\n<!-- \/wp:paragraph --><!-- wp:paragraph -->\r\n<p>El public\u00e0 l'Ajuntament de Barcelona fa anys. El podeu descarregar ac\u00ed: <a href=\"https:\/\/tjussana.cat\/wp-content\/uploads\/2022\/02\/UP_9.pdf\">https:\/\/tjussana.cat\/wp-content\/uploads\/2022\/02\/UP_9.pdf<\/a><\/p>\r\n<!-- \/wp:paragraph --><\/div>\r\n<figure class=\"wp-block-media-text__media\"><img class=\"wp-image-165 size-full\" src=\"https:\/\/acpv.cat\/accionat\/wp-content\/uploads\/2023\/06\/Captura-de-pantalla-2023-06-25-a-les-17.41.34-1024x536.png\" alt=\"\" \/><\/figure>\r\n<\/div>\r\n<!-- \/wp:media-text --><!-- wp:media-text {\"mediaId\":161,\"mediaLink\":\"https:\/\/acpv.cat\/accionat\/recursos\/gestio-economica\/captura-de-pantalla-2023-06-25-a-les-17-29-54\/\",\"mediaType\":\"image\"} -->\r\n<div class=\"wp-block-media-text alignwide is-stacked-on-mobile\">\r\n<figure class=\"wp-block-media-text__media\"><img class=\"wp-image-161 size-full\" src=\"https:\/\/acpv.cat\/accionat\/wp-content\/uploads\/2023\/06\/Captura-de-pantalla-2023-06-25-a-les-17.29.54-1024x747.png\" alt=\"\" \/><\/figure>\r\n<div class=\"wp-block-media-text__content\"><!-- wp:paragraph {\"placeholder\":\"Contingut...\"} -->\r\n<p>Aquest manual publicat per la Fundaci\u00f3 Horta Sud ens mostra quines s\u00f3n les obligacions de les entitats amb<br \/>la Hisenda P\u00fablica i de tot all\u00f2 relatiu a l\u2019Impost sobre Societats.<\/p>\r\n<!-- \/wp:paragraph --><!-- wp:paragraph -->\r\n<p>L\u2019Impost de Societats \u00e9s\u00a0una mena de declaraci\u00f3 de la renda de la nostra associaci\u00f3, en la qual hem\u00a0de reflectir tots els nostres ingressos i despeses i, en el seu cas, pagar\u00a0l\u2019impost corresponent sobre el\u00a0benefici obtingut.<\/p>\r\n<!-- \/wp:paragraph --><!-- wp:paragraph -->\r\n<p>\u00c9s molt complet i el podeu descarregar ac\u00ed: <a href=\"https:\/\/fundaciohortasud.org\/wp-content\/uploads\/2020\/05\/QP-Manual-b\u00e0sic-sobre-l\u2019Impost-de-Societats-5\u00aa-Edici\u00f3-2020.pdf\">https:\/\/fundaciohortasud.org\/wp-content\/uploads\/2020\/05\/QP-Manual-b\u00e0sic-sobre-l\u2019Impost-de-Societats-5\u00aa-Edici\u00f3-2020.pdf<\/a><\/p>\r\n<!-- \/wp:paragraph --><\/div>\r\n<\/div>\r\n<!-- \/wp:media-text -->","_et_gb_content_width":"","footnotes":""},"class_list":["post-159","page","type-page","status-publish","hentry"],"_links":{"self":[{"href":"https:\/\/acpv.cat\/accionat\/wp-json\/wp\/v2\/pages\/159","targetHints":{"allow":["GET"]}}],"collection":[{"href":"https:\/\/acpv.cat\/accionat\/wp-json\/wp\/v2\/pages"}],"about":[{"href":"https:\/\/acpv.cat\/accionat\/wp-json\/wp\/v2\/types\/page"}],"author":[{"embeddable":true,"href":"https:\/\/acpv.cat\/accionat\/wp-json\/wp\/v2\/users\/2"}],"replies":[{"embeddable":true,"href":"https:\/\/acpv.cat\/accionat\/wp-json\/wp\/v2\/comments?post=159"}],"version-history":[{"count":8,"href":"https:\/\/acpv.cat\/accionat\/wp-json\/wp\/v2\/pages\/159\/revisions"}],"predecessor-version":[{"id":461,"href":"https:\/\/acpv.cat\/accionat\/wp-json\/wp\/v2\/pages\/159\/revisions\/461"}],"up":[{"embeddable":true,"href":"https:\/\/acpv.cat\/accionat\/wp-json\/wp\/v2\/pages\/45"}],"wp:attachment":[{"href":"https:\/\/acpv.cat\/accionat\/wp-json\/wp\/v2\/media?parent=159"}],"curies":[{"name":"wp","href":"https:\/\/api.w.org\/{rel}","templated":true}]}}