{"id":595,"date":"2019-04-16T14:33:38","date_gmt":"2019-04-16T12:33:38","guid":{"rendered":"http:\/\/acpv.cat\/artenaccio-wp\/?page_id=595"},"modified":"2019-04-16T14:33:38","modified_gmt":"2019-04-16T12:33:38","slug":"exposicio-dart-en-accio","status":"publish","type":"page","link":"https:\/\/acpv.cat\/artenaccio\/","title":{"rendered":"Exposici\u00f3 d&#8217;Art en Acci\u00f3"},"content":{"rendered":"<p><img loading=\"lazy\" class=\" size-full wp-image-475\" style=\"display: block; margin-left: auto; margin-right: auto;\" src=\"https:\/\/acpv.cat\/artenaccio-wp\/wp-content\/uploads\/2012\/02\/cartell-expo_accio-roig.jpg\" alt=\"\" width=\"500\" height=\"707\" srcset=\"https:\/\/acpv.cat\/artenaccio\/wp-content\/uploads\/2012\/02\/cartell-expo_accio-roig.jpg 500w, https:\/\/acpv.cat\/artenaccio\/wp-content\/uploads\/2012\/02\/cartell-expo_accio-roig-212x300.jpg 212w\" sizes=\"(max-width: 500px) 100vw, 500px\" \/><\/p>\n<p><strong>Inauguraci\u00f3: dijous 23 de febrer a les 19.00h<\/strong>&nbsp;<\/p>\n<p><strong>Des del 23.02.2012 fins al 01.04.2012&nbsp;<\/strong><\/p>\n<p><strong><a href=\"http:\/\/octubre.cat\/\" target=\"_blank\" rel=\"noopener noreferrer\">Octubre Centre de Cultura Contempor\u00e0nia <\/a><\/strong><br \/>\nSant Ferran, 12<br \/>\n46001 Val\u00e8ncia<br \/>\n(34) 963157799<\/p>\n<p><em>Produ\u00efda per <strong>Acci\u00f3 Cultural del Pa\u00eds Valenci\u00e0<\/strong> i l\u2019<strong>Octubre Centre de Cultura Contempor\u00e0nia<\/strong><\/em><br \/>\nDisseny de la mostra: <strong>Ricard Silvestre&nbsp;<\/strong><br \/>\nObres en venda<br \/>\nEntrada lliure<\/p>\n<p><strong>Horari de visites<\/strong>&nbsp;<br \/>\n-De dilluns a divendres: de 10h a 21h&nbsp;<br \/>\n-Dissabtes mat\u00ed: de 10h a 14h&nbsp;<br \/>\n-Dissabtes vesprada, diumenges i festius tot el dia: tancat&nbsp;<\/p>\n<p>L\u2019exposici\u00f3 \u201c<strong>Art en Acci\u00f3<\/strong>\u201d recull les obres donades a <strong>Acci\u00f3 Cultural del Pa\u00eds Valenci\u00e0<\/strong> per m\u00e9s d\u2019un centenar d\u2019artistes del nostre pa\u00eds, que es posen a la venda per a contribuir al pagament de les multes imposades a Acci\u00f3 Cultural pel govern del president Francisco Camps, de la Generalitat Valenciana, amb motiu de les emissions de TV3 al Pa\u00eds Valenci\u00e0.&nbsp;<\/p>\n<p>Les diverses multes ascendeixen a la quantitat de m\u00e9s de 900.000 euros (incloent-hi penalitzacions i interessos de demora), de la qual l\u2019entitat ha aconseguit pagar un 50% gr\u00e0cies a les aportacions populars i a les obres d\u2019art que ja ha aconseguit vendre. El 50% restant \u00e9s reclamat ara sota amena\u00e7a d\u2019embargament dels b\u00e9ns de l\u2019entitat, entre els quals s\u2019inclou el propi edifici de l\u2019Octubre CCC.&nbsp;<\/p>\n<p>Acci\u00f3 Cultural agraeix el gest extraordin\u00e0riament gener\u00f3s realitzat per la comunitat d\u2019artistes pl\u00e0stics i visuals que van respondre a la crida efectuada per&nbsp;<strong>Andreu Alfaro, Antoni T\u00e0pies<\/strong>&nbsp;i&nbsp;<strong>Miquel Barcel\u00f3<\/strong>&nbsp;en nom de l\u2019associaci\u00f3 i d\u2019altres entitats solid\u00e0ries. Acci\u00f3 Cultural agraeix tamb\u00e9 les adhesions de particulars i d&#8217;entitats que, b\u00e9 a trav\u00e9s de donatius, b\u00e9 a trav\u00e9s de la compra d\u2019aquestes obres d\u2019art, contribueixen al pagament de les multes.&nbsp;<\/p>\n","protected":false},"excerpt":{"rendered":"<p>Inauguraci\u00f3: dijous 23 de febrer a les 19.00h&nbsp; Des del 23.02.2012 fins al 01.04.2012&nbsp; Octubre Centre de Cultura Contempor\u00e0nia Sant Ferran, 12 46001 Val\u00e8ncia (34) 963157799 Produ\u00efda per Acci\u00f3 Cultural del Pa\u00eds Valenci\u00e0 i l\u2019Octubre Centre de Cultura Contempor\u00e0nia Disseny de la mostra: Ricard Silvestre&nbsp; Obres en venda Entrada lliure Horari de visites&nbsp; -De dilluns &hellip; <\/p>\n","protected":false},"author":1,"featured_media":475,"parent":0,"menu_order":0,"comment_status":"closed","ping_status":"closed","template":"","meta":[],"_links":{"self":[{"href":"https:\/\/acpv.cat\/artenaccio\/wp-json\/wp\/v2\/pages\/595"}],"collection":[{"href":"https:\/\/acpv.cat\/artenaccio\/wp-json\/wp\/v2\/pages"}],"about":[{"href":"https:\/\/acpv.cat\/artenaccio\/wp-json\/wp\/v2\/types\/page"}],"author":[{"embeddable":true,"href":"https:\/\/acpv.cat\/artenaccio\/wp-json\/wp\/v2\/users\/1"}],"replies":[{"embeddable":true,"href":"https:\/\/acpv.cat\/artenaccio\/wp-json\/wp\/v2\/comments?post=595"}],"version-history":[{"count":0,"href":"https:\/\/acpv.cat\/artenaccio\/wp-json\/wp\/v2\/pages\/595\/revisions"}],"wp:featuredmedia":[{"embeddable":true,"href":"https:\/\/acpv.cat\/artenaccio\/wp-json\/wp\/v2\/media\/475"}],"wp:attachment":[{"href":"https:\/\/acpv.cat\/artenaccio\/wp-json\/wp\/v2\/media?parent=595"}],"curies":[{"name":"wp","href":"https:\/\/api.w.org\/{rel}","templated":true}]}}

Exposició d&#8217;Art en Acció

<p><img loading="lazy" class=" size-full wp-image-475" style="display: block; margin-left: auto; margin-right: auto;" src="https://acpv.cat/artenaccio-wp/wp-content/uploads/2012/02/cartell-expo_accio-roig.jpg" alt="" width="500" height="707" srcset="https://acpv.cat/artenaccio/wp-content/uploads/2012/02/cartell-expo_accio-roig.jpg 500w, https://acpv.cat/artenaccio/wp-content/uploads/2012/02/cartell-expo_accio-roig-212x300.jpg 212w" sizes="(max-width: 500px) 100vw, 500px" /></p>
<p><strong>Inauguració: dijous 23 de febrer a les 19.00h</strong>&nbsp;</p>
<p><strong>Des del 23.02.2012 fins al 01.04.2012&nbsp;</strong></p>
<p><strong><a href="http://octubre.cat/" target="_blank" rel="noopener noreferrer">Octubre Centre de Cultura Contemporània </a></strong><br />
Sant Ferran, 12<br />
46001 València<br />
(34) 963157799</p>
<p><em>Produïda per <strong>Acció Cultural del País Valencià</strong> i l’<strong>Octubre Centre de Cultura Contemporània</strong></em><br />
Disseny de la mostra: <strong>Ricard Silvestre&nbsp;</strong><br />
Obres en venda<br />
Entrada lliure</p>
<p><strong>Horari de visites</strong>&nbsp;<br />
-De dilluns a divendres: de 10h a 21h&nbsp;<br />
-Dissabtes matí: de 10h a 14h&nbsp;<br />
-Dissabtes vesprada, diumenges i festius tot el dia: tancat&nbsp;</p>
<p>L’exposició “<strong>Art en Acció</strong>” recull les obres donades a <strong>Acció Cultural del País Valencià</strong> per més d’un centenar d’artistes del nostre país, que es posen a la venda per a contribuir al pagament de les multes imposades a Acció Cultural pel govern del president Francisco Camps, de la Generalitat Valenciana, amb motiu de les emissions de TV3 al País Valencià.&nbsp;</p>
<p>Les diverses multes ascendeixen a la quantitat de més de 900.000 euros (incloent-hi penalitzacions i interessos de demora), de la qual l’entitat ha aconseguit pagar un 50% gràcies a les aportacions populars i a les obres d’art que ja ha aconseguit vendre. El 50% restant és reclamat ara sota amenaça d’embargament dels béns de l’entitat, entre els quals s’inclou el propi edifici de l’Octubre CCC.&nbsp;</p>
<p>Acció Cultural agraeix el gest extraordinàriament generós realitzat per la comunitat d’artistes plàstics i visuals que van respondre a la crida efectuada per&nbsp;<strong>Andreu Alfaro, Antoni Tàpies</strong>&nbsp;i&nbsp;<strong>Miquel Barceló</strong>&nbsp;en nom de l’associació i d’altres entitats solidàries. Acció Cultural agraeix també les adhesions de particulars i d&#8217;entitats que, bé a través de donatius, bé a través de la compra d’aquestes obres d’art, contribueixen al pagament de les multes.&nbsp;</p>

<p>Inauguració: dijous 23 de febrer a les 19.00h&nbsp; Des del 23.02.2012 fins al 01.04.2012&nbsp; Octubre Centre de Cultura Contemporània Sant Ferran, 12 46001 València (34) 963157799 Produïda per Acció Cultural del País Valencià i l’Octubre Centre de Cultura Contemporània Disseny de la mostra: Ricard Silvestre&nbsp; Obres en venda Entrada lliure Horari de visites&nbsp; -De dilluns &hellip; </p>
