{"id":1193,"date":"2024-08-14T11:26:53","date_gmt":"2024-08-14T09:26:53","guid":{"rendered":"https:\/\/acpv.cat\/paisestelles\/?page_id=1193"},"modified":"2025-03-10T20:58:04","modified_gmt":"2025-03-10T19:58:04","slug":"localitats","status":"publish","type":"page","link":"https:\/\/acpv.cat\/paisestelles\/localitats\/","title":{"rendered":"Localitats"},"content":{"rendered":"<p>[et_pb_section fb_built=&#8221;1&#8243; admin_label=&#8221;section&#8221; _builder_version=&#8221;4.16&#8243; global_colors_info=&#8221;{}&#8221;][et_pb_row admin_label=&#8221;row&#8221; _builder_version=&#8221;4.16&#8243; background_size=&#8221;initial&#8221; background_position=&#8221;top_left&#8221; background_repeat=&#8221;repeat&#8221; global_colors_info=&#8221;{}&#8221;][et_pb_column type=&#8221;4_4&#8243; _builder_version=&#8221;4.16&#8243; custom_padding=&#8221;|||&#8221; global_colors_info=&#8221;{}&#8221; custom_padding__hover=&#8221;|||&#8221;][et_pb_text _builder_version=&#8221;4.26.1&#8243; _module_preset=&#8221;default&#8221; global_colors_info=&#8221;{}&#8221;]<\/p>\n<h2 style=\"text-align: center;\">Localitats<\/h2>\n<p>[\/et_pb_text][\/et_pb_column][\/et_pb_row][et_pb_row column_structure=&#8221;1_2,1_2&#8243; _builder_version=&#8221;4.26.1&#8243; _module_preset=&#8221;default&#8221; global_colors_info=&#8221;{}&#8221;][et_pb_column type=&#8221;1_2&#8243; _builder_version=&#8221;4.26.1&#8243; _module_preset=&#8221;default&#8221; global_colors_info=&#8221;{}&#8221;][et_pb_text _builder_version=&#8221;4.26.1&#8243; _module_preset=&#8221;default&#8221; global_colors_info=&#8221;{}&#8221;]<\/p>\n<h5>L&#8217;Alacant\u00ed<\/h5>\n<ul>\n<li><a href=\"https:\/\/acpv.cat\/paisestelles\/alacant\/\">Alacant<\/a><\/li>\n<\/ul>\n<h5>L&#8217;Alcoi\u00e0<\/h5>\n<ul>\n<li><a href=\"http:\/\/acpv.cat\/paisestelles\/alcoi\">Alcoi<\/a><\/li>\n<\/ul>\n<h5>L&#8217;Alt Maestrat<\/h5>\n<ul>\n<li><a href=\"https:\/\/acpv.cat\/paisestelles\/benassal\/\">Benassal<\/a><\/li>\n<\/ul>\n<h5>L&#8217;Alt Vinalop\u00f3<\/h5>\n<ul>\n<li><a href=\"https:\/\/acpv.cat\/paisestelles\/campdemirra\/\">El Camp de Mirra<\/a><\/li>\n<\/ul>\n<h5>El Baix Maestrat<\/h5>\n<ul>\n<li><a href=\"https:\/\/acpv.cat\/paisestelles\/vinaros\/\">Vinar\u00f2s<\/a><\/li>\n<\/ul>\n<h5>El Baix Vinalop\u00f3<\/h5>\n<ul>\n<li><a href=\"https:\/\/acpv.cat\/paisestelles\/elx\">Elx<\/a><\/li>\n<\/ul>\n<h5>El Barcelon\u00e9s<\/h5>\n<ul>\n<li>\u00a0<a style=\"font-size: 14px;\" href=\"https:\/\/acpv.cat\/paisestelles\/barcelona\/\"><span style=\"font-family: inherit;\">Barcelona<\/span><\/a><\/li>\n<\/ul>\n<h5>El Camp de Morvedre<\/h5>\n<ul>\n<li><a href=\"https:\/\/acpv.cat\/paisestelles\/benifairodelesvalls\/\">Benifair\u00f3 de les Valls<\/a><\/li>\n<\/ul>\n<h5>El Camp de T\u00faria<\/h5>\n<ul>\n<li><a href=\"https:\/\/acpv.cat\/paisestelles\/benaguasil\/\">Benaguasil<\/a><\/li>\n<li><a style=\"font-size: 14px;\" href=\"http:\/\/Institut d\u2019Estudis Comarcals del Camp del T\u00faria\" data-wplink-url-error=\"true\">Benissan\u00f3<\/a><span style=\"font-size: 14px;\">,<\/span><\/li>\n<li><a href=\"https:\/\/acpv.cat\/paisestelles\/betera\/\">B\u00e9tera<\/a><\/li>\n<li><a style=\"font-size: 14px;\" href=\"https:\/\/acpv.cat\/paisestelles\/casinos\/\">Casinos<\/a><\/li>\n<li><a href=\"https:\/\/acpv.cat\/paisestelles\/leliana\/\">L&#8217;Eliana<\/a><\/li>\n<li><a href=\"https:\/\/acpv.cat\/paisestelles\/lliria\/\">Ll\u00edria<\/a><\/li>\n<li><a style=\"font-size: 14px;\" href=\"https:\/\/acpv.cat\/paisestelles\/naquera\/\">N\u00e0quera<\/a><\/li>\n<li><a style=\"font-size: 14px;\" href=\"https:\/\/acpv.cat\/paisestelles\/olocau\/\">Olocau<\/a><\/li>\n<li><a href=\"https:\/\/acpv.cat\/paisestelles\/lapobladevallbona\/\">Pobla de Vallbona<\/a><\/li>\n<li><a href=\"https:\/\/acpv.cat\/paisestelles\/ribarroja\/\">Riba-ro<\/a><a href=\"https:\/\/acpv.cat\/paisestelles\/ribarroja\/\">ja<\/a><\/li>\n<li><a style=\"font-size: 14px;\" href=\"https:\/\/acpv.cat\/paisestelles\/serra\/\">Serra<\/a><span style=\"font-size: 14px;\">,<\/span><\/li>\n<li><a href=\"https:\/\/acpv.cat\/paisestelles\/vilamarxant\/\">Vilamarxant<\/a><\/li>\n<\/ul>\n<div class=\"et_pb_column et_pb_column_1_2 et_pb_column_4  et_pb_css_mix_blend_mode_passthrough\">\n<div class=\"et_pb_module et_pb_text et_pb_text_3  et_pb_text_align_left et_pb_bg_layout_light\">\n<div class=\"et_pb_text_inner\">\n<h5>La Costera<\/h5>\n<ul>\n<li><a href=\"https:\/\/acpv.cat\/paisestelles\/canals\">Canals<\/a><\/li>\n<\/ul>\n<h5>L&#8217;Horta<\/h5>\n<ul>\n<li><a href=\"https:\/\/acpv.cat\/paisestelles\/albal\/\">Albal<\/a><\/li>\n<li><a href=\"https:\/\/acpv.cat\/paisestelles\/alboraia\/\">Alboraia<\/a><\/li>\n<li><a href=\"https:\/\/acpv.cat\/paisestelles\/alcasser\/\">Alc\u00e0sser<\/a><\/li>\n<li><a href=\"https:\/\/acpv.cat\/paisestelles\/montcada\/\">Montcada<\/a><\/li>\n<li><a href=\"https:\/\/acpv.cat\/paisestelles\/elpuig\/\">El Puig de Santa Maria<\/a><\/li>\n<li>Val\u00e8ncia: <a href=\"http:\/\/acpv.cat\/paisestelles\/acicom\">ACICOM<\/a> <a href=\"https:\/\/acpv.cat\/paisestelles\/jovesdaccio\/\">Joves d&#8217;Acci\u00f3<\/a>, <a href=\"https:\/\/acpv.cat\/paisestelles\/carevolta\/\">Ca revolta<\/a>,<a href=\"https:\/\/acpv.cat\/paisestelles\/perlhorta\/\">\u00a0Per l&#8217;Horta. <\/a><\/li>\n<\/ul>\n<\/div>\n<\/div>\n<\/div>\n<p>[\/et_pb_text][\/et_pb_column][et_pb_column type=&#8221;1_2&#8243; _builder_version=&#8221;4.26.1&#8243; _module_preset=&#8221;default&#8221; global_colors_info=&#8221;{}&#8221;][et_pb_text _builder_version=&#8221;4.26.1&#8243; _module_preset=&#8221;default&#8221; hover_enabled=&#8221;0&#8243; global_colors_info=&#8221;{}&#8221; sticky_enabled=&#8221;0&#8243;]<\/p>\n<div class=\"et_pb_column et_pb_column_1_2 et_pb_column_4  et_pb_css_mix_blend_mode_passthrough\">\n<div class=\"et_pb_module et_pb_text et_pb_text_3  et_pb_text_align_left et_pb_bg_layout_light\">\n<div class=\"et_pb_text_inner\">\n<h5>Mallorca<\/h5>\n<ul>\n<li><a href=\"https:\/\/acpv.cat\/paisestelles\/palma\/\">Palma<\/a><\/li>\n<\/ul>\n<h5>La Marina Alta<\/h5>\n<ul>\n<li><a href=\"https:\/\/acpv.cat\/paisestelles\/pedreguer\/\">Pedreguer<\/a><\/li>\n<\/ul>\n<h5>La Marina Baixa<\/h5>\n<ul>\n<li><a href=\"https:\/\/acpv.cat\/paisestelles\/benidorm\">Benidorm<\/a><\/li>\n<li><a href=\"https:\/\/acpv.cat\/paisestelles\/polop\/\">Polop<\/a><\/li>\n<\/ul>\n<h5>La Plana Alta<\/h5>\n<ul>\n<li><a href=\"https:\/\/acpv.cat\/paisestelles\/almassora\/\">Almassora<\/a><\/li>\n<li><a href=\"https:\/\/acpv.cat\/paisestelles\/borriol\/\">Borriol<\/a><\/li>\n<li><a href=\"https:\/\/acpv.cat\/paisestelles\/vilafames\/\">Vilafam\u00e9s<\/a><\/li>\n<\/ul>\n<h5>La Plana Baixa<\/h5>\n<ul>\n<li><a href=\"https:\/\/acpv.cat\/paisestelles\/betxi\">Betx\u00ed<\/a><\/li>\n<li><a href=\"https:\/\/acpv.cat\/paisestelles\/borriana\">Borriana<\/a><\/li>\n<li><a href=\"https:\/\/acpv.cat\/paisestelles\/la-vall-duixo\/\">La Vall d&#8217;Uix\u00f3<\/a><\/li>\n<li><a href=\"https:\/\/acpv.cat\/paisestelles\/moncofa\/\">Moncofa<\/a><\/li>\n<li><a href=\"https:\/\/acpv.cat\/paisestelles\/nules\/\">Nules<\/a><\/li>\n<li><a href=\"https:\/\/acpv.cat\/paisestelles\/vila_real\/\">Vila-real<\/a><\/li>\n<\/ul>\n<h5>La Ribera Alta<\/h5>\n<ul>\n<li><a href=\"http:\/\/acpv.cat\/paisestelles\/alzira\">Alzira<\/a><\/li>\n<li><a href=\"https:\/\/acpv.cat\/paisestelles\/lalcudia\/\">L&#8217;Alc\u00fadia<\/a><\/li>\n<li><a href=\"https:\/\/acpv.cat\/paisestelles\/carcaixent\/\">Carcaixent<\/a><\/li>\n<li><a href=\"https:\/\/acpv.cat\/paisestelles\/manuel\/\">Manuel<\/a><\/li>\n<li><a href=\"https:\/\/acpv.cat\/paisestelles\/real\/\">Real<\/a><\/li>\n<\/ul>\n<h5>La Safor- Valldigna<\/h5>\n<ul>\n<li><a href=\"https:\/\/acpv.cat\/paisestelles\/gandia\/\">Gandia<\/a><\/li>\n<li><a href=\"https:\/\/acpv.cat\/paisestelles\/beniopa\/\">Beniopa<\/a><\/li>\n<\/ul>\n<h5>La Vall d&#8217;Albaida<\/h5>\n<ul>\n<li>Ontinyent\n<ul>\n<li><a href=\"https:\/\/acpv.cat\/paisestelles\/ontinyentacpv\/\">Delegaci\u00f3 d&#8217;ACPV a la Vall d&#8217;Albaida<\/a><\/li>\n<li><a href=\"https:\/\/acpv.cat\/paisestelles\/ontintentarrel\/\">Colla Ecologista l&#8217;Arrel<\/a><\/li>\n<\/ul>\n<\/li>\n<\/ul>\n<\/div>\n<\/div>\n<\/div>\n<p>[\/et_pb_text][\/et_pb_column][\/et_pb_row][et_pb_row column_structure=&#8221;1_2,1_2&#8243; _builder_version=&#8221;4.25.1&#8243; _module_preset=&#8221;default&#8221; global_colors_info=&#8221;{}&#8221;][et_pb_column type=&#8221;1_2&#8243; _builder_version=&#8221;4.25.1&#8243; _module_preset=&#8221;default&#8221; global_colors_info=&#8221;{}&#8221;][\/et_pb_column][et_pb_column type=&#8221;1_2&#8243; _builder_version=&#8221;4.25.1&#8243; _module_preset=&#8221;default&#8221; global_colors_info=&#8221;{}&#8221;][\/et_pb_column][\/et_pb_row][\/et_pb_section]<\/p>\n","protected":false},"excerpt":{"rendered":"<p>LocalitatsL&#8217;Alacant\u00ed Alacant L&#8217;Alcoi\u00e0 Alcoi L&#8217;Alt Maestrat Benassal L&#8217;Alt Vinalop\u00f3 El Camp de Mirra El Baix Maestrat Vinar\u00f2s El Baix Vinalop\u00f3 Elx El Barcelon\u00e9s \u00a0Barcelona El Camp de Morvedre Benifair\u00f3 de [&hellip;]<\/p>\n","protected":false},"author":2,"featured_media":0,"parent":0,"menu_order":0,"comment_status":"closed","ping_status":"closed","template":"","meta":{"_et_pb_use_builder":"on","_et_pb_old_content":"","_et_gb_content_width":"","footnotes":""},"categories":[1],"tags":[],"class_list":["post-1193","page","type-page","status-publish","hentry","category-general"],"_links":{"self":[{"href":"https:\/\/acpv.cat\/paisestelles\/wp-json\/wp\/v2\/pages\/1193","targetHints":{"allow":["GET"]}}],"collection":[{"href":"https:\/\/acpv.cat\/paisestelles\/wp-json\/wp\/v2\/pages"}],"about":[{"href":"https:\/\/acpv.cat\/paisestelles\/wp-json\/wp\/v2\/types\/page"}],"author":[{"embeddable":true,"href":"https:\/\/acpv.cat\/paisestelles\/wp-json\/wp\/v2\/users\/2"}],"replies":[{"embeddable":true,"href":"https:\/\/acpv.cat\/paisestelles\/wp-json\/wp\/v2\/comments?post=1193"}],"version-history":[{"count":39,"href":"https:\/\/acpv.cat\/paisestelles\/wp-json\/wp\/v2\/pages\/1193\/revisions"}],"predecessor-version":[{"id":1935,"href":"https:\/\/acpv.cat\/paisestelles\/wp-json\/wp\/v2\/pages\/1193\/revisions\/1935"}],"wp:attachment":[{"href":"https:\/\/acpv.cat\/paisestelles\/wp-json\/wp\/v2\/media?parent=1193"}],"wp:term":[{"taxonomy":"category","embeddable":true,"href":"https:\/\/acpv.cat\/paisestelles\/wp-json\/wp\/v2\/categories?post=1193"},{"taxonomy":"post_tag","embeddable":true,"href":"https:\/\/acpv.cat\/paisestelles\/wp-json\/wp\/v2\/tags?post=1193"}],"curies":[{"name":"wp","href":"https:\/\/api.w.org\/{rel}","templated":true}]}}