{"id":1303,"date":"2024-08-28T15:46:24","date_gmt":"2024-08-28T13:46:24","guid":{"rendered":"https:\/\/acpv.cat\/paisestelles\/?page_id=1303"},"modified":"2024-08-28T20:59:47","modified_gmt":"2024-08-28T18:59:47","slug":"almassora","status":"publish","type":"page","link":"https:\/\/acpv.cat\/paisestelles\/almassora\/","title":{"rendered":"Almassora"},"content":{"rendered":"<p>[et_pb_section fb_built=&#8221;1&#8243; disabled_on=&#8221;off|off|on&#8221; admin_label=&#8221;Cap\u00e7alera Mobil &#8211; Tablet&#8221; _builder_version=&#8221;4.22.0&#8243; _module_preset=&#8221;default&#8221; background_color=&#8221;gcid-3cfc8c0c-5557-4a5d-9dab-24e78d615311&#8243; collapsed=&#8221;off&#8221; global_colors_info=&#8221;{%22gcid-3cfc8c0c-5557-4a5d-9dab-24e78d615311%22:%91%22background_color%22%93}&#8221;][et_pb_row _builder_version=&#8221;4.22.0&#8243; _module_preset=&#8221;default&#8221; global_colors_info=&#8221;{}&#8221;][et_pb_column type=&#8221;4_4&#8243; _builder_version=&#8221;4.22.0&#8243; _module_preset=&#8221;default&#8221; global_colors_info=&#8221;{}&#8221;][et_pb_text admin_label=&#8221;T\u00edtol&#8221; _builder_version=&#8221;4.26.1&#8243; _module_preset=&#8221;_initial&#8221; text_font=&#8221;Merriweather|&#8211;et_global_heading_font_weight|on||||||&#8221; header_font=&#8221;Merriweather|&#8211;et_global_heading_font_weight|on|on|||||&#8221; header_font_size=&#8221;72px&#8221; header_line_height=&#8221;1.2em&#8221; header_2_font=&#8221;Merriweather|800|on||||||&#8221; header_3_font=&#8221;Merriweather||on||||||&#8221; header_4_font=&#8221;Merriweather||||||||&#8221; header_5_font=&#8221;Merriweather||||||||&#8221; header_6_font=&#8221;Merriweather||||||||&#8221; header_font_size_tablet=&#8221;40px&#8221; header_font_size_phone=&#8221;24px&#8221; header_font_size_last_edited=&#8221;on|desktop&#8221; inline_fonts=&#8221;Merriweather Sans&#8221; global_colors_info=&#8221;{}&#8221;]<\/p>\n<h1><em><strong>ALMASSORA<\/strong><\/em><\/h1>\n<p>[\/et_pb_text][\/et_pb_column][\/et_pb_row][et_pb_row _builder_version=&#8221;4.25.0&#8243; _module_preset=&#8221;default&#8221; global_colors_info=&#8221;{}&#8221;][et_pb_column type=&#8221;4_4&#8243; _builder_version=&#8221;4.25.0&#8243; _module_preset=&#8221;default&#8221; global_colors_info=&#8221;{}&#8221;][et_pb_video src=&#8221;https:\/\/acpv.cat\/paisestelles\/wp-content\/uploads\/2024\/08\/eltorrelo.mov&#8221; admin_label=&#8221;V\u00eddeo&#8221; _builder_version=&#8221;4.26.1&#8243; _module_preset=&#8221;default&#8221; global_colors_info=&#8221;{}&#8221;][\/et_pb_video][\/et_pb_column][\/et_pb_row][et_pb_row _builder_version=&#8221;4.22.0&#8243; _module_preset=&#8221;default&#8221; global_colors_info=&#8221;{}&#8221;][et_pb_column type=&#8221;4_4&#8243; _builder_version=&#8221;4.22.0&#8243; _module_preset=&#8221;default&#8221; global_colors_info=&#8221;{}&#8221;][et_pb_text admin_label=&#8221;Text&#8221; _builder_version=&#8221;4.26.1&#8243; _module_preset=&#8221;_initial&#8221; text_font=&#8221;||||||||&#8221; text_font_size=&#8221;16px&#8221; text_line_height=&#8221;1.8em&#8221; text_font_size_tablet=&#8221;15px&#8221; text_font_size_phone=&#8221;14px&#8221; text_font_size_last_edited=&#8221;on|desktop&#8221; global_colors_info=&#8221;{}&#8221;]<\/p>\n<h5>A.C. El Torrell\u00f3<\/h5>\n<p><img loading=\"lazy\" decoding=\"async\" class=\"wp-image-1333 alignnone size-medium\" src=\"https:\/\/acpv.cat\/paisestelles\/wp-content\/uploads\/2024\/08\/Captura-de-pantalla-2024-08-28-a-les-20.52.40-300x157.png\" alt=\"\" width=\"300\" height=\"157\" \/><\/p>\n<p>L\u2019Associaci\u00f3 Cultural El Torrell\u00f3 agafa el seu nom del poblat ib\u00e8ric del Torrell\u00f3, situat \u00a0a la vora del riu de Millars, a la partida del Boverot, en el terme d\u2019Almassora. L\u2019associaci\u00f3 naix des del grup d\u2019adults de l\u2019escola municipal de dansa tradicional d\u2019Almassora .<\/p>\n<p>Les participants d\u2019aquesta activitat, tot dones, venien interessant-se per aprendre i recuperar els balls tradicionals de la nostra terra.<\/p>\n<p>Gr\u00e0cies a la professora de dansa i preguntant als m\u00e9s majors, es va saber de l\u2019exist\u00e8ncia del ball de pla\u00e7a d\u2019Almassora. Aix\u00ed que, a principis de l\u2019any 2010, es comen\u00e7a a crear l\u2019Associaci\u00f3 per a poder recuperar aquest ball.<\/p>\n<p>Al novembre d\u2019aquell mateix any, es va organitzar, ja com a Associaci\u00f3, la primera trobada de balls tradicionals, on es va convidar a diferents grups de la nostra prov\u00edncia i es va\u00a0presentar a tota Almassora el primer esb\u00f3s del ball de pla\u00e7a.<\/p>\n<p>Des de llavors, treballem, entre altres coses, per a recuperar tantes peces de ball popular com podem. Sempre cuidant els vestits tradicionals, tractant de mantindre, tant com siga possible la fidelitat a aquelles peces de roba amb les qu\u00e8 es vestien o guarnien els nostres avantpassats.<\/p>\n<p>Despr\u00e9s de la I Trobada de Dansa Tradicional, el Torrell\u00f3 va tindre la idea de recuperar uns personatges quasi imprescindibles a les festes de les nostres comarques: els nanos, que havien desaparegut de moltes poblacions arran de la Reial ordre de 21 de juny de 1780. Avui en dia se\u2019n tenen 6, una parella de Llauradors, Lloren\u00e7 i Quiterieta, una parella de Moros, Benafel\u00ed i Malafa, Pere Cornell i la Molineta, cavaller de Jaume I i una dama seua, aix\u00ed com una Panderoleta, en honor al tren que ens ha acompanyat en la hist\u00f2ria d\u2019Almassora.<\/p>\n<p>El Grup de Dansa del Torrell\u00f3, ha actuat en moltes poblacions de la Prov\u00edncia de Castell\u00f3, com Cinctorres, La Todolella, A\u00edn, Les Alqueries o Vinar\u00f2s, entre altres. A Almassora, cada any per a les festes de santa Quit\u00e8ria solen sortir al Preg\u00f3 on els acompanyen els nanos; tamb\u00e9 a la presentaci\u00f3 de la reina i dames, festivitat de sant Antoni i tamb\u00e9 en la celebraci\u00f3 del 9 d\u2019Octubre.<\/p>\n<p>L\u2019associaci\u00f3 mant\u00e9 una escola de balls tradicionals que cont\u00ednuament presenta noves peces al seu repertori, incorpora gent jove a l\u2019associaci\u00f3 i permet mantindre un ritme d\u2019actuacions.<\/p>\n<p>D\u2019altra banda, tamb\u00e9 organitzem excursions, per tal de con\u00e8ixer el nostre pa\u00eds; passejades i visites al voltant del poble d\u2019Almassora per tal de con\u00e8ixer el passat del nostre poble i els principals fets hist\u00f2rics que ens han afectat. Hem fet tallers, jornades i exposicions, per conservar o recuperar el nostre patrimoni cultural. De socarrats, una decoraci\u00f3 cer\u00e0mica singular molt antiga. De postres i dol\u00e7os tradicionals, que s\u2019estan perdent, sovint substiuits per dol\u00e7os industrials. D\u2019indumentaria tradicional, per a saber com es vestien els nostres avantpassats. O jornades de topon\u00edmia o d\u2019altres amb els nanos a les escoles.<\/p>\n<p>Sempre estem disposats a gaudir i fer gaudir amb les nostres activitats a tots aquells ques\u2019estimen les nostres tradicions i el valenci\u00e0, que \u00e9s la nostra llengua.<\/p>\n<p>L\u2019any 2017 la Rondalla Margemitger d\u2019Almassora ens va sorprendre en una actuaci\u00f3 amb la presentaci\u00f3 de la can\u00e7\u00f3 de la Jota de Quintos d\u2019Almassora, jota que va n\u00e9ixer d\u2019un vell llibre de partitures i d\u2019una copleta i una tornada que anava pel cap\u00a0d\u2019una membre de la rondalla.<\/p>\n<p>L\u2019any 2020 es va poder presentar a tot el poble el ball de la Jota de Quintos\u00a0d\u2019Almassora just abans del confinament de la Covid-19.<\/p>\n<p>En aquests moment, aquesta Jota ja \u00e9s un ball m\u00e9s del nostre repertori i ara s\u2019estan emprenent diferents activitats per a la difusi\u00f3 d\u2019aquest. L\u2019associaci\u00f3 forma part de la Federaci\u00f3 valenciana de Nanos i Gegants i participa, al llarg de l\u2019any, en nombroses trobades al llarg de tot el Pa\u00eds Valenci\u00e0. Tamb\u00e9 pertany a la Federaci\u00f3 de folklore de la comunitat valenciana.<\/p>\n<p>Aquest any 2024, ens hem afegit, tamb\u00e9, a la celebraci\u00f3 de l\u2019any Estell\u00e9s.<\/p>\n<h5>\u00a0<\/h5>\n<p>[\/et_pb_text][et_pb_image src=&#8221;https:\/\/acpv.cat\/paisestelles\/wp-content\/uploads\/2024\/08\/Captura-de-pantalla-2024-08-28-a-les-15.44.08.png&#8221; title_text=&#8221;Captura de pantalla 2024-08-28 a les 15.44.08&#8243; _builder_version=&#8221;4.26.1&#8243; _module_preset=&#8221;default&#8221; global_colors_info=&#8221;{}&#8221;][\/et_pb_image][et_pb_image src=&#8221;https:\/\/acpv.cat\/paisestelles\/wp-content\/uploads\/2024\/08\/ermitasantaquiteria.jpeg&#8221; title_text=&#8221;ermitasantaquiteria&#8221; _builder_version=&#8221;4.26.1&#8243; _module_preset=&#8221;default&#8221; global_colors_info=&#8221;{}&#8221;][\/et_pb_image][et_pb_text _builder_version=&#8221;4.26.1&#8243; _module_preset=&#8221;default&#8221; global_colors_info=&#8221;{}&#8221;]<\/p>\n<p>Ermita de Santa Quit\u00e8ria<\/p>\n<p>[\/et_pb_text][et_pb_image src=&#8221;https:\/\/acpv.cat\/paisestelles\/wp-content\/uploads\/2024\/08\/Captura-de-pantalla-2024-08-28-a-les-16.11.46.png&#8221; title_text=&#8221;Captura de pantalla 2024-08-28 a les 16.11.46&#8243; _builder_version=&#8221;4.26.1&#8243; _module_preset=&#8221;default&#8221; global_colors_info=&#8221;{}&#8221;][\/et_pb_image][et_pb_text _builder_version=&#8221;4.26.1&#8243; _module_preset=&#8221;default&#8221; global_colors_info=&#8221;{}&#8221;]<\/p>\n<p>Poblat Ib\u00e8ric El Torrell\u00f3<\/p>\n<p>[\/et_pb_text][\/et_pb_column][\/et_pb_row][\/et_pb_section][et_pb_section fb_built=&#8221;1&#8243; disabled_on=&#8221;on|on|off&#8221; admin_label=&#8221;Cap\u00e7alera Escriptori&#8221; _builder_version=&#8221;4.22.0&#8243; _module_preset=&#8221;default&#8221; background_color=&#8221;gcid-3cfc8c0c-5557-4a5d-9dab-24e78d615311&#8243; collapsed=&#8221;off&#8221; global_colors_info=&#8221;{%22gcid-3cfc8c0c-5557-4a5d-9dab-24e78d615311%22:%91%22background_color%22%93}&#8221;][et_pb_row _builder_version=&#8221;4.22.0&#8243; _module_preset=&#8221;default&#8221; global_colors_info=&#8221;{}&#8221;][et_pb_column type=&#8221;4_4&#8243; _builder_version=&#8221;4.22.0&#8243; _module_preset=&#8221;default&#8221; global_colors_info=&#8221;{}&#8221;][et_pb_text admin_label=&#8221;T\u00edtol&#8221; _builder_version=&#8221;4.26.1&#8243; _module_preset=&#8221;_initial&#8221; text_font=&#8221;Merriweather||on|on|||||&#8221; header_font=&#8221;Merriweather|500|on|on|||||&#8221; header_font_size=&#8221;72px&#8221; header_line_height=&#8221;1.2em&#8221; header_2_font=&#8221;Merriweather||on|on|||||&#8221; header_3_font=&#8221;Merriweather||on|on|||||&#8221; header_4_font=&#8221;Merriweather||on|on|||||&#8221; header_5_font=&#8221;&#8211;et_global_heading_font||||||||&#8221; header_font_size_tablet=&#8221;40px&#8221; header_font_size_phone=&#8221;24px&#8221; header_font_size_last_edited=&#8221;on|desktop&#8221; inline_fonts=&#8221;Merriweather Sans&#8221; global_colors_info=&#8221;{}&#8221;]<\/p>\n<h1><em><strong>ALMASSORA<\/strong><\/em><\/h1>\n<p>[\/et_pb_text][\/et_pb_column][\/et_pb_row][et_pb_row column_structure=&#8221;1_2,1_2&#8243; _builder_version=&#8221;4.25.0&#8243; _module_preset=&#8221;default&#8221; custom_padding=&#8221;7px|||||&#8221; collapsed=&#8221;on&#8221; global_colors_info=&#8221;{}&#8221;][et_pb_column type=&#8221;1_2&#8243; _builder_version=&#8221;4.25.0&#8243; _module_preset=&#8221;default&#8221; global_colors_info=&#8221;{}&#8221;][et_pb_text admin_label=&#8221;Text&#8221; _builder_version=&#8221;4.26.1&#8243; _module_preset=&#8221;_initial&#8221; text_font=&#8221;||||||||&#8221; text_font_size=&#8221;16px&#8221; text_line_height=&#8221;1.8em&#8221; text_font_size_tablet=&#8221;15px&#8221; text_font_size_phone=&#8221;14px&#8221; text_font_size_last_edited=&#8221;on|desktop&#8221; global_colors_info=&#8221;{}&#8221;]<\/p>\n<h5>A.C. El Torrell\u00f3<\/h5>\n<p><img loading=\"lazy\" decoding=\"async\" class=\"wp-image-1333 alignnone size-medium\" src=\"https:\/\/acpv.cat\/paisestelles\/wp-content\/uploads\/2024\/08\/Captura-de-pantalla-2024-08-28-a-les-20.52.40-300x157.png\" alt=\"\" width=\"300\" height=\"157\" \/><\/p>\n<p>L\u2019Associaci\u00f3 Cultural El Torrell\u00f3 agafa el seu nom del poblat ib\u00e8ric del Torrell\u00f3, situat \u00a0a la vora del riu de Millars, a la partida del Boverot, en el terme d\u2019Almassora. L\u2019associaci\u00f3 naix des del grup d\u2019adults de l\u2019escola municipal de dansa tradicional d\u2019Almassora .<\/p>\n<p>Les participants d\u2019aquesta activitat, tot dones, venien interessant-se per aprendre i recuperar els balls tradicionals de la nostra terra.<\/p>\n<p>Gr\u00e0cies a la professora de dansa i preguntant als m\u00e9s majors, es va saber de l\u2019exist\u00e8ncia del ball de pla\u00e7a d\u2019Almassora. Aix\u00ed que, a principis de l\u2019any 2010, es comen\u00e7a a crear l\u2019Associaci\u00f3 per a poder recuperar aquest ball.<\/p>\n<p>Al novembre d\u2019aquell mateix any, es va organitzar, ja com a Associaci\u00f3, la primera trobada de balls tradicionals, on es va convidar a diferents grups de la nostra prov\u00edncia i es va\u00a0presentar a tota Almassora el primer esb\u00f3s del ball de pla\u00e7a.<\/p>\n<p>Des de llavors, treballem, entre altres coses, per a recuperar tantes peces de ball popular com podem. Sempre cuidant els vestits tradicionals, tractant de mantindre, tant com siga possible la fidelitat a aquelles peces de roba amb les qu\u00e8 es vestien o guarnien els nostres avantpassats.<\/p>\n<p>Despr\u00e9s de la I Trobada de Dansa Tradicional, el Torrell\u00f3 va tindre la idea de recuperar uns personatges quasi imprescindibles a les festes de les nostres comarques: els nanos, que havien desaparegut de moltes poblacions arran de la Reial ordre de 21 de juny de 1780. Avui en dia se\u2019n tenen 6, una parella de Llauradors, Lloren\u00e7 i Quiterieta, una parella de Moros, Benafel\u00ed i Malafa, Pere Cornell i la Molineta, cavaller de Jaume I i una dama seua, aix\u00ed com una Panderoleta, en honor al tren que ens ha acompanyat en la hist\u00f2ria d\u2019Almassora.<\/p>\n<p>El Grup de Dansa del Torrell\u00f3, ha actuat en moltes poblacions de la Prov\u00edncia de Castell\u00f3, com Cinctorres, La Todolella, A\u00edn, Les Alqueries o Vinar\u00f2s, entre altres. A Almassora, cada any per a les festes de santa Quit\u00e8ria solen sortir al Preg\u00f3 on els acompanyen els nanos; tamb\u00e9 a la presentaci\u00f3 de la reina i dames, festivitat de sant Antoni i tamb\u00e9 en la celebraci\u00f3 del 9 d\u2019Octubre.<\/p>\n<p>L\u2019associaci\u00f3 mant\u00e9 una escola de balls tradicionals que cont\u00ednuament presenta noves peces al seu repertori, incorpora gent jove a l\u2019associaci\u00f3 i permet mantindre un ritme d\u2019actuacions.<\/p>\n<p>D\u2019altra banda, tamb\u00e9 organitzem excursions, per tal de con\u00e8ixer el nostre pa\u00eds; passejades i visites al voltant del poble d\u2019Almassora per tal de con\u00e8ixer el passat del nostre poble i els principals fets hist\u00f2rics que ens han afectat. Hem fet tallers, jornades i exposicions, per conservar o recuperar el nostre patrimoni cultural. De socarrats, una decoraci\u00f3 cer\u00e0mica singular molt antiga. De postres i dol\u00e7os tradicionals, que s\u2019estan perdent, sovint substiuits per dol\u00e7os industrials. D\u2019indumentaria tradicional, per a saber com es vestien els nostres avantpassats. O jornades de topon\u00edmia o d\u2019altres amb els nanos a les escoles.<\/p>\n<p>Sempre estem disposats a gaudir i fer gaudir amb les nostres activitats a tots aquells ques\u2019estimen les nostres tradicions i el valenci\u00e0, que \u00e9s la nostra llengua.<\/p>\n<p>L\u2019any 2017 la Rondalla Margemitger d\u2019Almassora ens va sorprendre en una actuaci\u00f3 amb la presentaci\u00f3 de la can\u00e7\u00f3 de la Jota de Quintos d\u2019Almassora, jota que va n\u00e9ixer d\u2019un vell llibre de partitures i d\u2019una copleta i una tornada que anava pel cap\u00a0d\u2019una membre de la rondalla.<\/p>\n<p>L\u2019any 2020 es va poder presentar a tot el poble el ball de la Jota de Quintos\u00a0d\u2019Almassora just abans del confinament de la Covid-19.<\/p>\n<p>En aquests moment, aquesta Jota ja \u00e9s un ball m\u00e9s del nostre repertori i ara s\u2019estan emprenent diferents activitats per a la difusi\u00f3 d\u2019aquest. L\u2019associaci\u00f3 forma part de la Federaci\u00f3 valenciana de Nanos i Gegants i participa, al llarg de l\u2019any, en nombroses trobades al llarg de tot el Pa\u00eds Valenci\u00e0. Tamb\u00e9 pertany a la Federaci\u00f3 de folklore de la comunitat valenciana.<\/p>\n<p>Aquest any 2024, ens hem afegit, tamb\u00e9, a la celebraci\u00f3 de l\u2019any Estell\u00e9s.<\/p>\n<p>&nbsp;<\/p>\n<p>[\/et_pb_text][\/et_pb_column][et_pb_column type=&#8221;1_2&#8243; _builder_version=&#8221;4.25.0&#8243; _module_preset=&#8221;default&#8221; global_colors_info=&#8221;{}&#8221;][et_pb_video src=&#8221;https:\/\/acpv.cat\/paisestelles\/wp-content\/uploads\/2024\/08\/eltorrelo.mov&#8221; _builder_version=&#8221;4.26.1&#8243; _module_preset=&#8221;default&#8221; global_colors_info=&#8221;{}&#8221;][\/et_pb_video][et_pb_image src=&#8221;https:\/\/acpv.cat\/paisestelles\/wp-content\/uploads\/2024\/08\/Captura-de-pantalla-2024-08-28-a-les-15.44.08.png&#8221; title_text=&#8221;Captura de pantalla 2024-08-28 a les 15.44.08&#8243; _builder_version=&#8221;4.26.1&#8243; _module_preset=&#8221;default&#8221; global_colors_info=&#8221;{}&#8221;][\/et_pb_image][et_pb_image src=&#8221;https:\/\/acpv.cat\/paisestelles\/wp-content\/uploads\/2024\/08\/Captura-de-pantalla-2024-08-28-a-les-15.47.25.png&#8221; title_text=&#8221;Captura de pantalla 2024-08-28 a les 15.47.25&#8243; _builder_version=&#8221;4.26.1&#8243; _module_preset=&#8221;default&#8221; global_colors_info=&#8221;{}&#8221;][\/et_pb_image][et_pb_image src=&#8221;https:\/\/acpv.cat\/paisestelles\/wp-content\/uploads\/2024\/08\/ermitasantaquiteria.jpeg&#8221; title_text=&#8221;ermitasantaquiteria&#8221; _builder_version=&#8221;4.26.1&#8243; _module_preset=&#8221;default&#8221; global_colors_info=&#8221;{}&#8221;][\/et_pb_image][et_pb_text _builder_version=&#8221;4.26.1&#8243; _module_preset=&#8221;default&#8221; global_colors_info=&#8221;{}&#8221;]<\/p>\n<p>Ermita de Santa Quit\u00e8ria<\/p>\n<p>[\/et_pb_text][et_pb_image src=&#8221;https:\/\/acpv.cat\/paisestelles\/wp-content\/uploads\/2024\/08\/Captura-de-pantalla-2024-08-28-a-les-16.11.46.png&#8221; title_text=&#8221;Captura de pantalla 2024-08-28 a les 16.11.46&#8243; _builder_version=&#8221;4.26.1&#8243; _module_preset=&#8221;default&#8221; global_colors_info=&#8221;{}&#8221;][\/et_pb_image][et_pb_text _builder_version=&#8221;4.26.1&#8243; _module_preset=&#8221;default&#8221; global_colors_info=&#8221;{}&#8221;]<\/p>\n<p>Poblat Ib\u00e8ric El Torrell\u00f3<\/p>\n<p>[\/et_pb_text][\/et_pb_column][\/et_pb_row][\/et_pb_section][et_pb_section fb_built=&#8221;1&#8243; make_equal=&#8221;on&#8221; specialty=&#8221;on&#8221; background_color_1=&#8221;#FFFFFF&#8221; disabled_on=&#8221;on|on|on&#8221; admin_label=&#8221;Pa\u00eds Estell\u00e9s&#8221; _builder_version=&#8221;4.25.0&#8243; _module_preset=&#8221;default&#8221; background_color=&#8221;gcid-3cfc8c0c-5557-4a5d-9dab-24e78d615311&#8243; disabled=&#8221;on&#8221; saved_tabs=&#8221;all&#8221; collapsed=&#8221;off&#8221; global_colors_info=&#8221;{%22gcid-3cfc8c0c-5557-4a5d-9dab-24e78d615311%22:%91%22background_color%22%93}&#8221;][et_pb_column type=&#8221;2_3&#8243; specialty_columns=&#8221;2&#8243; _builder_version=&#8221;4.16&#8243; _module_preset=&#8221;default&#8221; custom_padding=&#8221;|||&#8221; global_colors_info=&#8221;{}&#8221; custom_padding__hover=&#8221;|||&#8221;][et_pb_row_inner column_structure=&#8221;1_2,1_2&#8243; custom_padding_last_edited=&#8221;on|tablet&#8221; disabled_on=&#8221;on|on|on&#8221; _builder_version=&#8221;4.22.0&#8243; _module_preset=&#8221;default&#8221; custom_padding=&#8221;|60px|60px|60px|false|true&#8221; custom_padding_tablet=&#8221;|30px|30px|30px|false|true&#8221; custom_padding_phone=&#8221;|20px|20px|20px|false|true&#8221; disabled=&#8221;on&#8221; global_colors_info=&#8221;{}&#8221;][et_pb_column_inner type=&#8221;1_2&#8243; saved_specialty_column_type=&#8221;2_3&#8243; _builder_version=&#8221;4.22.0&#8243; _module_preset=&#8221;default&#8221; global_colors_info=&#8221;{}&#8221;][et_pb_text _builder_version=&#8221;4.22.0&#8243; _module_preset=&#8221;_initial&#8221; header_5_font=&#8221;Work Sans|500|||||||&#8221; header_5_font_size=&#8221;20px&#8221; header_5_line_height=&#8221;1.6em&#8221; custom_margin=&#8221;||0px||false|false&#8221; header_5_font_size_tablet=&#8221;16px&#8221; header_5_font_size_phone=&#8221;14px&#8221; header_5_font_size_last_edited=&#8221;on|desktop&#8221; global_colors_info=&#8221;{}&#8221;]<\/p>\n<h5>Understanding Your Unique Goals<\/h5>\n<p>[\/et_pb_text][et_pb_text _builder_version=&#8221;4.22.0&#8243; _module_preset=&#8221;_initial&#8221; text_line_height=&#8221;1.8em&#8221; global_colors_info=&#8221;{}&#8221;]We recognize that every business is distinct, with its own set of aspirations and challenges. Our approach begins with a comprehensive understanding.[\/et_pb_text][\/et_pb_column_inner][et_pb_column_inner type=&#8221;1_2&#8243; saved_specialty_column_type=&#8221;2_3&#8243; _builder_version=&#8221;4.22.0&#8243; _module_preset=&#8221;default&#8221; global_colors_info=&#8221;{}&#8221;][et_pb_text _builder_version=&#8221;4.22.0&#8243; _module_preset=&#8221;_initial&#8221; header_5_font=&#8221;Work Sans|500|||||||&#8221; header_5_font_size=&#8221;20px&#8221; header_5_line_height=&#8221;1.6em&#8221; custom_margin=&#8221;||0px||false|false&#8221; header_5_font_size_tablet=&#8221;16px&#8221; header_5_font_size_phone=&#8221;14px&#8221; header_5_font_size_last_edited=&#8221;on|desktop&#8221; global_colors_info=&#8221;{}&#8221;]<\/p>\n<h5>Data-Driven Market Analysis<\/h5>\n<p>[\/et_pb_text][et_pb_text _builder_version=&#8221;4.22.0&#8243; _module_preset=&#8221;_initial&#8221; text_line_height=&#8221;1.8em&#8221; global_colors_info=&#8221;{}&#8221;]Our team of seasoned consultants leverages robust market research and analysis to identify opportunities and trends within your industry.[\/et_pb_text][\/et_pb_column_inner][\/et_pb_row_inner][\/et_pb_column][et_pb_column type=&#8221;1_3&#8243; _builder_version=&#8221;4.16&#8243; _module_preset=&#8221;default&#8221; custom_padding=&#8221;|||&#8221; global_colors_info=&#8221;{}&#8221; custom_padding__hover=&#8221;|||&#8221;][\/et_pb_column][\/et_pb_section][et_pb_section fb_built=&#8221;1&#8243; admin_label=&#8221;Call to Action&#8221; _builder_version=&#8221;4.22.0&#8243; _module_preset=&#8221;default&#8221; background_color=&#8221;gcid-3cfc8c0c-5557-4a5d-9dab-24e78d615311&#8243; collapsed=&#8221;off&#8221; global_colors_info=&#8221;{%22gcid-3cfc8c0c-5557-4a5d-9dab-24e78d615311%22:%91%22background_color%22%93}&#8221;][et_pb_row column_structure=&#8221;1_2,1_4,1_4&#8243; _builder_version=&#8221;4.22.0&#8243; _module_preset=&#8221;default&#8221; global_colors_info=&#8221;{}&#8221;][et_pb_column type=&#8221;1_2&#8243; _builder_version=&#8221;4.22.0&#8243; _module_preset=&#8221;default&#8221; global_colors_info=&#8221;{}&#8221;][\/et_pb_column][et_pb_column type=&#8221;1_4&#8243; _builder_version=&#8221;4.22.0&#8243; _module_preset=&#8221;default&#8221; global_colors_info=&#8221;{}&#8221;][et_pb_button button_url=&#8221;https:\/\/acpv.cat\/paisestelles\/esdeveniments\/categoria\/agenda\/&#8221; button_text=&#8221;AGENDA&#8221; button_alignment=&#8221;center&#8221; _builder_version=&#8221;4.25.0&#8243; _module_preset=&#8221;_initial&#8221; custom_button=&#8221;on&#8221; button_text_size=&#8221;14px&#8221; button_text_color=&#8221;#FFFFFF&#8221; button_bg_color=&#8221;#BF2002&#8243; button_border_width=&#8221;0px&#8221; button_border_radius=&#8221;100px&#8221; button_letter_spacing=&#8221;0.3em&#8221; button_font=&#8221;|700||on|||||&#8221; background_layout=&#8221;dark&#8221; custom_margin=&#8221;||-1px|||&#8221; custom_padding=&#8221;16px|40px|16px|40px|true|true&#8221; global_colors_info=&#8221;{}&#8221;][\/et_pb_button][\/et_pb_column][et_pb_column type=&#8221;1_4&#8243; _builder_version=&#8221;4.22.0&#8243; _module_preset=&#8221;default&#8221; global_colors_info=&#8221;{}&#8221;][et_pb_image src=&#8221;https:\/\/acpv.cat\/paisestelles\/wp-content\/uploads\/2024\/05\/ACPV-PAIS-ESTELLES-PEDRO-ADS_blanc_1-scaled.jpg&#8221; title_text=&#8221;ACPV &#8211; PAIS ESTELLES &#8211; PEDRO ADS_blanc_1&#8243; _builder_version=&#8221;4.25.0&#8243; _module_preset=&#8221;default&#8221; global_colors_info=&#8221;{}&#8221;][\/et_pb_image][\/et_pb_column][\/et_pb_row][\/et_pb_section]<\/p>\n","protected":false},"excerpt":{"rendered":"<p>ALMASSORAA.C. El Torrell\u00f3 L\u2019Associaci\u00f3 Cultural El Torrell\u00f3 agafa el seu nom del poblat ib\u00e8ric del Torrell\u00f3, situat \u00a0a la vora del riu de Millars, a la partida del Boverot, en [&hellip;]<\/p>\n","protected":false},"author":2,"featured_media":0,"parent":0,"menu_order":0,"comment_status":"closed","ping_status":"closed","template":"","meta":{"_et_pb_use_builder":"on","_et_pb_old_content":"","_et_gb_content_width":"","footnotes":""},"categories":[7],"tags":[8],"class_list":["post-1303","page","type-page","status-publish","hentry","category-localitats","tag-localitats"],"_links":{"self":[{"href":"https:\/\/acpv.cat\/paisestelles\/wp-json\/wp\/v2\/pages\/1303","targetHints":{"allow":["GET"]}}],"collection":[{"href":"https:\/\/acpv.cat\/paisestelles\/wp-json\/wp\/v2\/pages"}],"about":[{"href":"https:\/\/acpv.cat\/paisestelles\/wp-json\/wp\/v2\/types\/page"}],"author":[{"embeddable":true,"href":"https:\/\/acpv.cat\/paisestelles\/wp-json\/wp\/v2\/users\/2"}],"replies":[{"embeddable":true,"href":"https:\/\/acpv.cat\/paisestelles\/wp-json\/wp\/v2\/comments?post=1303"}],"version-history":[{"count":12,"href":"https:\/\/acpv.cat\/paisestelles\/wp-json\/wp\/v2\/pages\/1303\/revisions"}],"predecessor-version":[{"id":1335,"href":"https:\/\/acpv.cat\/paisestelles\/wp-json\/wp\/v2\/pages\/1303\/revisions\/1335"}],"wp:attachment":[{"href":"https:\/\/acpv.cat\/paisestelles\/wp-json\/wp\/v2\/media?parent=1303"}],"wp:term":[{"taxonomy":"category","embeddable":true,"href":"https:\/\/acpv.cat\/paisestelles\/wp-json\/wp\/v2\/categories?post=1303"},{"taxonomy":"post_tag","embeddable":true,"href":"https:\/\/acpv.cat\/paisestelles\/wp-json\/wp\/v2\/tags?post=1303"}],"curies":[{"name":"wp","href":"https:\/\/api.w.org\/{rel}","templated":true}]}}