{"id":1507,"date":"2024-09-12T21:52:33","date_gmt":"2024-09-12T19:52:33","guid":{"rendered":"https:\/\/acpv.cat\/paisestelles\/?page_id=1507"},"modified":"2024-09-15T12:43:34","modified_gmt":"2024-09-15T10:43:34","slug":"jaumepmontaner","status":"publish","type":"page","link":"https:\/\/acpv.cat\/paisestelles\/jaumepmontaner\/","title":{"rendered":"Jaume P\u00e9rez Montaner"},"content":{"rendered":"<p>[et_pb_section fb_built=&#8221;1&#8243; admin_label=&#8221;section&#8221; _builder_version=&#8221;4.16&#8243; global_colors_info=&#8221;{}&#8221;][et_pb_row admin_label=&#8221;row&#8221; _builder_version=&#8221;4.16&#8243; background_size=&#8221;initial&#8221; background_position=&#8221;top_left&#8221; background_repeat=&#8221;repeat&#8221; global_colors_info=&#8221;{}&#8221;][et_pb_column type=&#8221;4_4&#8243; _builder_version=&#8221;4.16&#8243; custom_padding=&#8221;|||&#8221; global_colors_info=&#8221;{}&#8221; custom_padding__hover=&#8221;|||&#8221;][et_pb_text _builder_version=&#8221;4.26.1&#8243; _module_preset=&#8221;default&#8221; global_colors_info=&#8221;{}&#8221;]<\/p>\n<h2 style=\"text-align: center;\">Jaume P\u00e9rez Montaner<\/h2>\n<p>[\/et_pb_text][\/et_pb_column][\/et_pb_row][et_pb_row column_structure=&#8221;1_2,1_2&#8243; _builder_version=&#8221;4.25.1&#8243; _module_preset=&#8221;default&#8221; global_colors_info=&#8221;{}&#8221;][et_pb_column type=&#8221;1_2&#8243; _builder_version=&#8221;4.25.1&#8243; _module_preset=&#8221;default&#8221; global_colors_info=&#8221;{}&#8221;][et_pb_text _builder_version=&#8221;4.26.1&#8243; _module_preset=&#8221;default&#8221; custom_padding=&#8221;||0px|||&#8221; global_colors_info=&#8221;{}&#8221;]<\/p>\n<p>Jaume P\u00e9rez Montaner (L\u2019Alf\u00e0s del Pi, Marina Baixa, 1938) \u00e9s poeta i assagista.<\/p>\n<p>Ha estat professor a diverses universitats dels EUA i a la Universitat de Val\u00e8ncia. D\u2019entre els seus llibres de poesia destaquen els reculls M\u00e0scares (1992), Fronteres (1994), L\u2019oblit (1996), Solatge (2009), l\u2019antologia revisada per l\u2019autor Geografies de l\u2019oblit (2013) i el recull La casa buida (2014). Darrerament, Defensa d\u2019una forma, poesia completa (2018) i Abans del vers (2024). Com a assagista \u00e9s un dels m\u00e0xims especialistes en l\u2019obra de Vicent Andr\u00e9s Estell\u00e9s, sobre el qual ha publicat antologies, estudis i edicions cr\u00edtiques. Tamb\u00e9 s\u2019han de ressenyar els seus estudis sobre Ausi\u00e0s March, Joan Brossa i Joan Fuster. Ha tradu\u00eft autors com Wallace Stevens, Anne Sexton, William Sttaford, Barbara Kingsolver, e. e. cummings, Edgar Allan Poe o Edoardo Sanguinetti. Aix\u00ed mateix, ha col\u00b7laborat amb articles i estudis en nombroses publicacions tant catalanes com estrangeres: Lletres de canvi, Cairell, Daina (de la qual va ser director, aix\u00ed com de les revistes Occitan\/Catalan Studies i Encontres), El Temps, Catalan Review, Revista de Occidente, Cuadernos Americanos o The Paris Review, entre d\u2019altres.<\/p>\n<p>Des del 1999 fins a la primavera del 2007 ha sigut president de l\u2019Associaci\u00f3 d\u2019Escriptors en Llengua Catalana, i des del 2013 n\u2019\u00e9s soci d\u2019honor. El 2014 \u00e9s reconegut amb el Premi Jaume Fuster dels escriptors en llengua catalana<\/p>\n<p>[\/et_pb_text][\/et_pb_column][et_pb_column type=&#8221;1_2&#8243; _builder_version=&#8221;4.25.1&#8243; _module_preset=&#8221;default&#8221; global_colors_info=&#8221;{}&#8221;][et_pb_video src=&#8221;https:\/\/www.youtube.com\/watch?v=G8P9dQnZ3pE&#8221; _builder_version=&#8221;4.26.1&#8243; _module_preset=&#8221;default&#8221; global_colors_info=&#8221;{}&#8221;][\/et_pb_video][\/et_pb_column][\/et_pb_row][\/et_pb_section]<\/p>\n","protected":false},"excerpt":{"rendered":"<p>Jaume P\u00e9rez MontanerJaume P\u00e9rez Montaner (L\u2019Alf\u00e0s del Pi, Marina Baixa, 1938) \u00e9s poeta i assagista. Ha estat professor a diverses universitats dels EUA i a la Universitat de Val\u00e8ncia. D\u2019entre [&hellip;]<\/p>\n","protected":false},"author":2,"featured_media":0,"parent":0,"menu_order":0,"comment_status":"closed","ping_status":"closed","template":"","meta":{"_et_pb_use_builder":"on","_et_pb_old_content":"","_et_gb_content_width":"","footnotes":""},"categories":[1,10],"tags":[],"class_list":["post-1507","page","type-page","status-publish","hentry","category-general","category-persones"],"_links":{"self":[{"href":"https:\/\/acpv.cat\/paisestelles\/wp-json\/wp\/v2\/pages\/1507","targetHints":{"allow":["GET"]}}],"collection":[{"href":"https:\/\/acpv.cat\/paisestelles\/wp-json\/wp\/v2\/pages"}],"about":[{"href":"https:\/\/acpv.cat\/paisestelles\/wp-json\/wp\/v2\/types\/page"}],"author":[{"embeddable":true,"href":"https:\/\/acpv.cat\/paisestelles\/wp-json\/wp\/v2\/users\/2"}],"replies":[{"embeddable":true,"href":"https:\/\/acpv.cat\/paisestelles\/wp-json\/wp\/v2\/comments?post=1507"}],"version-history":[{"count":5,"href":"https:\/\/acpv.cat\/paisestelles\/wp-json\/wp\/v2\/pages\/1507\/revisions"}],"predecessor-version":[{"id":1555,"href":"https:\/\/acpv.cat\/paisestelles\/wp-json\/wp\/v2\/pages\/1507\/revisions\/1555"}],"wp:attachment":[{"href":"https:\/\/acpv.cat\/paisestelles\/wp-json\/wp\/v2\/media?parent=1507"}],"wp:term":[{"taxonomy":"category","embeddable":true,"href":"https:\/\/acpv.cat\/paisestelles\/wp-json\/wp\/v2\/categories?post=1507"},{"taxonomy":"post_tag","embeddable":true,"href":"https:\/\/acpv.cat\/paisestelles\/wp-json\/wp\/v2\/tags?post=1507"}],"curies":[{"name":"wp","href":"https:\/\/api.w.org\/{rel}","templated":true}]}}