{"id":807,"date":"2024-07-15T18:19:23","date_gmt":"2024-07-15T16:19:23","guid":{"rendered":"https:\/\/acpv.cat\/paisestelles\/?page_id=807"},"modified":"2024-07-15T18:24:59","modified_gmt":"2024-07-15T16:24:59","slug":"lalcudia","status":"publish","type":"page","link":"https:\/\/acpv.cat\/paisestelles\/lalcudia\/","title":{"rendered":"L&#8217;alc\u00fadia"},"content":{"rendered":"<p>[et_pb_section fb_built=&#8221;1&#8243; disabled_on=&#8221;off|off|on&#8221; admin_label=&#8221;Cap\u00e7alera Mobil &#8211; Tablet&#8221; _builder_version=&#8221;4.22.0&#8243; _module_preset=&#8221;default&#8221; background_color=&#8221;gcid-3cfc8c0c-5557-4a5d-9dab-24e78d615311&#8243; collapsed=&#8221;off&#8221; global_colors_info=&#8221;{%22gcid-3cfc8c0c-5557-4a5d-9dab-24e78d615311%22:%91%22background_color%22%93}&#8221;][et_pb_row _builder_version=&#8221;4.22.0&#8243; _module_preset=&#8221;default&#8221; global_colors_info=&#8221;{}&#8221;][et_pb_column type=&#8221;4_4&#8243; _builder_version=&#8221;4.22.0&#8243; _module_preset=&#8221;default&#8221; global_colors_info=&#8221;{}&#8221;][et_pb_text admin_label=&#8221;T\u00edtol&#8221; _builder_version=&#8221;4.25.1&#8243; _module_preset=&#8221;_initial&#8221; text_font=&#8221;Merriweather|&#8211;et_global_heading_font_weight|on||||||&#8221; header_font=&#8221;Merriweather|&#8211;et_global_heading_font_weight|on|on|||||&#8221; header_font_size=&#8221;72px&#8221; header_line_height=&#8221;1.2em&#8221; header_2_font=&#8221;Merriweather|800|on||||||&#8221; header_3_font=&#8221;Merriweather||on||||||&#8221; header_4_font=&#8221;Merriweather||||||||&#8221; header_5_font=&#8221;Merriweather||||||||&#8221; header_6_font=&#8221;Merriweather||||||||&#8221; header_font_size_tablet=&#8221;40px&#8221; header_font_size_phone=&#8221;24px&#8221; header_font_size_last_edited=&#8221;on|desktop&#8221; inline_fonts=&#8221;Merriweather Sans&#8221; global_colors_info=&#8221;{}&#8221;]<\/p>\n<h1><em><strong>L&#8217;ALC\u00daDIA<\/strong><\/em><\/h1>\n<p>[\/et_pb_text][\/et_pb_column][\/et_pb_row][et_pb_row _builder_version=&#8221;4.25.0&#8243; _module_preset=&#8221;default&#8221; global_colors_info=&#8221;{}&#8221;][et_pb_column type=&#8221;4_4&#8243; _builder_version=&#8221;4.25.0&#8243; _module_preset=&#8221;default&#8221; global_colors_info=&#8221;{}&#8221;][et_pb_video src=&#8221;https:\/\/acpv.cat\/paisestelles\/wp-content\/uploads\/2024\/07\/VIDEO100ESTELLES.mp4&#8243; admin_label=&#8221;V\u00eddeo&#8221; _builder_version=&#8221;4.26.1&#8243; _module_preset=&#8221;default&#8221; global_colors_info=&#8221;{}&#8221;][\/et_pb_video][\/et_pb_column][\/et_pb_row][et_pb_row _builder_version=&#8221;4.22.0&#8243; _module_preset=&#8221;default&#8221; global_colors_info=&#8221;{}&#8221;][et_pb_column type=&#8221;4_4&#8243; _builder_version=&#8221;4.22.0&#8243; _module_preset=&#8221;default&#8221; global_colors_info=&#8221;{}&#8221;][et_pb_text admin_label=&#8221;Text&#8221; _builder_version=&#8221;4.26.1&#8243; _module_preset=&#8221;_initial&#8221; text_font=&#8221;||||||||&#8221; text_font_size=&#8221;16px&#8221; text_line_height=&#8221;1.8em&#8221; hover_enabled=&#8221;0&#8243; text_font_size_tablet=&#8221;15px&#8221; text_font_size_phone=&#8221;14px&#8221; text_font_size_last_edited=&#8221;on|desktop&#8221; global_colors_info=&#8221;{}&#8221; sticky_enabled=&#8221;0&#8243;]<\/p>\n<h5>Bloc de Progr\u00e9s Jaume I de l&#8217;Alc\u00fadia<\/h5>\n<p>El <a href=\"https:\/\/www.facebook.com\/blocjaume\/\"><b>Bloc de Progr\u00e9s Jaume I de l&#8217;Alc\u00fadia<\/b> <\/a>\u00e9s una associaci\u00f3 cultural valenciana que treballa per la recuperaci\u00f3 de la llengua i de la identitat del Pa\u00eds Valenci\u00e0 en l&#8217;\u00e0mbit local. Fundada a <a title=\"L'Alc\u00fadia\" href=\"https:\/\/ca.wikipedia.org\/wiki\/L%27Alc%C3%BAdia\">l&#8217;Alc\u00fadia<\/a> l&#8217;any 1995 per un grup de ve\u00efns compromesos amb la cultura i la llengua valenciana, <a title=\"Josep Llu\u00eds Bausset i Ciscar\" href=\"https:\/\/ca.wikipedia.org\/wiki\/Josep_Llu%C3%ADs_Bausset_i_Ciscar\">Josep Llu\u00eds Bausset i Ciscar<\/a> \u00e9s el seu president honor\u00edfic. <sup id=\"cite_ref-1\" class=\"reference\"><\/sup>En 2013 va ser premiada per l&#8217;Associaci\u00f3 d&#8217;Escriptors en Llengua Catalana.<sup id=\"cite_ref-2\" class=\"reference\"><\/sup><sup id=\"cite_ref-3\" class=\"reference\"><\/sup><\/p>\n<p>Com a entitat origin\u00e0riament lligada a <a title=\"Acci\u00f3 Cultural del Pa\u00eds Valenci\u00e0\" href=\"https:\/\/ca.wikipedia.org\/wiki\/Acci%C3%B3_Cultural_del_Pa%C3%ADs_Valenci%C3%A0\">Acci\u00f3 Cultural<\/a> (impulsora del <a title=\"Bloc de Progr\u00e9s Jaume I\" href=\"https:\/\/ca.wikipedia.org\/wiki\/Bloc_de_Progr%C3%A9s_Jaume_I\">Bloc de Progr\u00e9s Jaume I<\/a> arreu del Pa\u00eds), cada divendres m\u00e9s pr\u00f2xim al 9 d&#8217;octubre el Bloc s&#8217;encarrega de convocar i de celebrar el Correllengua a nivell local, amb l&#8217;organitzaci\u00f3 d&#8217;una cercavila pel poble que compta amb la participaci\u00f3 dels grups folkl\u00f2rics locals com el <a title=\"Grup de Dansa L'Alc\u00fadia\" href=\"https:\/\/ca.wikipedia.org\/wiki\/Grup_de_Dansa_L%27Alc%C3%BAdia\">Grup de Dansa<\/a>, <a title=\"Els Negrets de l'Alc\u00fadia\" href=\"https:\/\/ca.wikipedia.org\/wiki\/Els_Negrets_de_l%27Alc%C3%BAdia\">els Negrets<\/a>, <a class=\"new\" title=\"Els Cabuts de l'Alc\u00fadia (encara no existeix)\" href=\"https:\/\/ca.wikipedia.org\/w\/index.php?title=Els_Cabuts_de_l%27Alc%C3%BAdia&amp;action=edit&amp;redlink=1\">les Cabudes<\/a> i <a class=\"new\" title=\"Tornejants de l'Alc\u00fadia (encara no existeix)\" href=\"https:\/\/ca.wikipedia.org\/w\/index.php?title=Tornejants_de_l%27Alc%C3%BAdia&amp;action=edit&amp;redlink=1\">els Tornejants<\/a>.<sup id=\"cite_ref-4\" class=\"reference\"><\/sup> En acabant t\u00e9 lloc el sopar de lliurament dels Premis Jaume I, que des de 1996 <sup id=\"cite_ref-5\" class=\"reference\"><\/sup>han distingit les persones, comer\u00e7os i entitats compromeses amb la llengua i la cultura; cada un dels cinc premis diferents que s&#8217;atorguen duen el nom d&#8217;un personatge valenci\u00e0 que representen una categoria espec\u00edfica: aix\u00ed, el <a title=\"Joan Fuster i Ortells\" href=\"https:\/\/ca.wikipedia.org\/wiki\/Joan_Fuster_i_Ortells\">Premi Joan Fuster <\/a>s&#8217;atorga a entitats i associacions dedicades a la cultura com <a class=\"mw-redirect\" title=\"Bromera\" href=\"https:\/\/ca.wikipedia.org\/wiki\/Bromera\">Bromera<\/a>, <a class=\"mw-redirect\" title=\"ACPV\" href=\"https:\/\/ca.wikipedia.org\/wiki\/ACPV\">ACPV<\/a>, la <a title=\"Universitat de Val\u00e8ncia\" href=\"https:\/\/ca.wikipedia.org\/wiki\/Universitat_de_Val%C3%A8ncia\">Universitat de Val\u00e8ncia<\/a>, l&#8217;<a title=\"Associaci\u00f3 d'Escriptors en Llengua Catalana\" href=\"https:\/\/ca.wikipedia.org\/wiki\/Associaci%C3%B3_d%27Escriptors_en_Llengua_Catalana\">AELC<\/a> o <i><a title=\"El Temps\" href=\"https:\/\/ca.wikipedia.org\/wiki\/El_Temps\">El Temps<\/a><\/i>; el <a title=\"Tio Canya\" href=\"https:\/\/ca.wikipedia.org\/wiki\/Tio_Canya\">Tio Canya<\/a> pren el nom de la can\u00e7\u00f3 hom\u00f2nima<sup id=\"cite_ref-:0_6-0\" class=\"reference\"><\/sup> per destacar personalitats destacades en la defensa d&#8217;all\u00f2 valenci\u00e0 com el mateix Bausset, <a title=\"Al Tall\" href=\"https:\/\/ca.wikipedia.org\/wiki\/Al_Tall\">Vicent Torrent<\/a>, <a title=\"Toni Mestre\" href=\"https:\/\/ca.wikipedia.org\/wiki\/Toni_Mestre\">Toni Mestre<\/a>, <a title=\"Escola Valenciana\" href=\"https:\/\/ca.wikipedia.org\/wiki\/Escola_Valenciana\">Escola Valenciana<\/a>, <a title=\"TV3\" href=\"https:\/\/ca.wikipedia.org\/wiki\/TV3\">TV3<\/a> o <a class=\"mw-redirect\" title=\"Josep Guia\" href=\"https:\/\/ca.wikipedia.org\/wiki\/Josep_Guia\">Josep Guia<\/a>; l&#8217;<a class=\"mw-redirect\" title=\"Ovidi Montllor\" href=\"https:\/\/ca.wikipedia.org\/wiki\/Ovidi_Montllor\">Ovidi Montllor<\/a> representa el m\u00f3n de les arts i se l&#8217;han endut el <a title=\"Grup de Dansa L'Alc\u00fadia\" href=\"https:\/\/ca.wikipedia.org\/wiki\/Grup_de_Dansa_L%27Alc%C3%BAdia\">Grup de Dansa<\/a>, <a class=\"mw-redirect\" title=\"Matilde Salvador\" href=\"https:\/\/ca.wikipedia.org\/wiki\/Matilde_Salvador\">Matilde Salvador<\/a>, <a title=\"Paco Mu\u00f1oz\" href=\"https:\/\/ca.wikipedia.org\/wiki\/Paco_Mu%C3%B1oz\">Paco Mu\u00f1oz<\/a>, <a title=\"Els Pavesos\" href=\"https:\/\/ca.wikipedia.org\/wiki\/Els_Pavesos\">Merxe Banyuls<\/a> o <a class=\"mw-redirect\" title=\"Llu\u00eds Miquel\" href=\"https:\/\/ca.wikipedia.org\/wiki\/Llu%C3%ADs_Miquel\">Llu\u00eds Miquel<\/a>; el <a title=\"Carles Salvador i Gimeno\" href=\"https:\/\/ca.wikipedia.org\/wiki\/Carles_Salvador_i_Gimeno\">Carles Salvador<\/a> va adre\u00e7at a persones i entitats dedicades espec\u00edficament a l&#8217;\u00fas i la promoci\u00f3 de la llengua com les escoles i l&#8217;institut de secund\u00e0ria de l&#8217;Alc\u00fadia en l&#8217;\u00e0mbit p\u00fablic o l&#8217;<a title=\"Escola Gavina\" href=\"https:\/\/ca.wikipedia.org\/wiki\/Escola_Gavina\">Escola Gavina<\/a> en el privat; finalment, el Vicent Andr\u00e9s Estell\u00e9s es dona als comer\u00e7os o empreses locals destacat per la contribuci\u00f3 a la dignificaci\u00f3 de la llengua i la cultura valencianes.<\/p>\n<p>[\/et_pb_text][\/et_pb_column][\/et_pb_row][\/et_pb_section][et_pb_section fb_built=&#8221;1&#8243; disabled_on=&#8221;on|on|off&#8221; admin_label=&#8221;Cap\u00e7alera Escriptori&#8221; _builder_version=&#8221;4.22.0&#8243; _module_preset=&#8221;default&#8221; background_color=&#8221;gcid-3cfc8c0c-5557-4a5d-9dab-24e78d615311&#8243; collapsed=&#8221;off&#8221; global_colors_info=&#8221;{%22gcid-3cfc8c0c-5557-4a5d-9dab-24e78d615311%22:%91%22background_color%22%93}&#8221;][et_pb_row _builder_version=&#8221;4.22.0&#8243; _module_preset=&#8221;default&#8221; global_colors_info=&#8221;{}&#8221;][et_pb_column type=&#8221;4_4&#8243; _builder_version=&#8221;4.22.0&#8243; _module_preset=&#8221;default&#8221; global_colors_info=&#8221;{}&#8221;][et_pb_text admin_label=&#8221;T\u00edtol&#8221; _builder_version=&#8221;4.25.1&#8243; _module_preset=&#8221;_initial&#8221; text_font=&#8221;Merriweather||on|on|||||&#8221; header_font=&#8221;Merriweather|500|on|on|||||&#8221; header_font_size=&#8221;72px&#8221; header_line_height=&#8221;1.2em&#8221; header_2_font=&#8221;Merriweather||on|on|||||&#8221; header_3_font=&#8221;Merriweather||on|on|||||&#8221; header_4_font=&#8221;Merriweather||on|on|||||&#8221; header_5_font=&#8221;&#8211;et_global_heading_font||||||||&#8221; header_font_size_tablet=&#8221;40px&#8221; header_font_size_phone=&#8221;24px&#8221; header_font_size_last_edited=&#8221;on|desktop&#8221; inline_fonts=&#8221;Merriweather Sans&#8221; global_colors_info=&#8221;{}&#8221;]<\/p>\n<h1><em><strong>L&#8217;alc\u00fadia<\/strong><\/em><\/h1>\n<p>[\/et_pb_text][\/et_pb_column][\/et_pb_row][et_pb_row column_structure=&#8221;1_2,1_2&#8243; _builder_version=&#8221;4.25.0&#8243; _module_preset=&#8221;default&#8221; global_colors_info=&#8221;{}&#8221;][et_pb_column type=&#8221;1_2&#8243; _builder_version=&#8221;4.25.0&#8243; _module_preset=&#8221;default&#8221; global_colors_info=&#8221;{}&#8221;][et_pb_text admin_label=&#8221;Text&#8221; _builder_version=&#8221;4.26.1&#8243; _module_preset=&#8221;_initial&#8221; text_font=&#8221;||||||||&#8221; text_font_size=&#8221;16px&#8221; text_line_height=&#8221;1.8em&#8221; hover_enabled=&#8221;0&#8243; text_font_size_tablet=&#8221;15px&#8221; text_font_size_phone=&#8221;14px&#8221; text_font_size_last_edited=&#8221;on|desktop&#8221; global_colors_info=&#8221;{}&#8221; sticky_enabled=&#8221;0&#8243;]<\/p>\n<h5>Bloc de Progr\u00e9s Jaume I de l&#8217;Alc\u00fadia<\/h5>\n<p>El <a href=\"https:\/\/www.facebook.com\/blocjaume\/\"><b>Bloc de Progr\u00e9s Jaume I de l&#8217;Alc\u00fadia<\/b> <\/a>\u00e9s una associaci\u00f3 cultural valenciana que treballa per la recuperaci\u00f3 de la llengua i de la identitat del Pa\u00eds Valenci\u00e0 en l&#8217;\u00e0mbit local. Fundada a <a title=\"L'Alc\u00fadia\" href=\"https:\/\/ca.wikipedia.org\/wiki\/L%27Alc%C3%BAdia\">l&#8217;Alc\u00fadia<\/a> l&#8217;any 1995 per un grup de ve\u00efns compromesos amb la cultura i la llengua valenciana, <a title=\"Josep Llu\u00eds Bausset i Ciscar\" href=\"https:\/\/ca.wikipedia.org\/wiki\/Josep_Llu%C3%ADs_Bausset_i_Ciscar\">Josep Llu\u00eds Bausset i Ciscar<\/a> \u00e9s el seu president honor\u00edfic. <sup id=\"cite_ref-1\" class=\"reference\"><\/sup>En 2013 va ser premiada per l&#8217;Associaci\u00f3 d&#8217;Escriptors en Llengua Catalana.<sup id=\"cite_ref-2\" class=\"reference\"><\/sup><sup id=\"cite_ref-3\" class=\"reference\"><\/sup><\/p>\n<p>Com a entitat origin\u00e0riament lligada a <a title=\"Acci\u00f3 Cultural del Pa\u00eds Valenci\u00e0\" href=\"https:\/\/ca.wikipedia.org\/wiki\/Acci%C3%B3_Cultural_del_Pa%C3%ADs_Valenci%C3%A0\">Acci\u00f3 Cultural<\/a> (impulsora del <a title=\"Bloc de Progr\u00e9s Jaume I\" href=\"https:\/\/ca.wikipedia.org\/wiki\/Bloc_de_Progr%C3%A9s_Jaume_I\">Bloc de Progr\u00e9s Jaume I<\/a> arreu del Pa\u00eds), cada divendres m\u00e9s pr\u00f2xim al 9 d&#8217;octubre el Bloc s&#8217;encarrega de convocar i de celebrar el Correllengua a nivell local, amb l&#8217;organitzaci\u00f3 d&#8217;una cercavila pel poble que compta amb la participaci\u00f3 dels grups folkl\u00f2rics locals com el <a title=\"Grup de Dansa L'Alc\u00fadia\" href=\"https:\/\/ca.wikipedia.org\/wiki\/Grup_de_Dansa_L%27Alc%C3%BAdia\">Grup de Dansa<\/a>, <a title=\"Els Negrets de l'Alc\u00fadia\" href=\"https:\/\/ca.wikipedia.org\/wiki\/Els_Negrets_de_l%27Alc%C3%BAdia\">els Negrets<\/a>, <a class=\"new\" title=\"Els Cabuts de l'Alc\u00fadia (encara no existeix)\" href=\"https:\/\/ca.wikipedia.org\/w\/index.php?title=Els_Cabuts_de_l%27Alc%C3%BAdia&amp;action=edit&amp;redlink=1\">les Cabudes<\/a> i <a class=\"new\" title=\"Tornejants de l'Alc\u00fadia (encara no existeix)\" href=\"https:\/\/ca.wikipedia.org\/w\/index.php?title=Tornejants_de_l%27Alc%C3%BAdia&amp;action=edit&amp;redlink=1\">els Tornejants<\/a>.<sup id=\"cite_ref-4\" class=\"reference\"><\/sup> En acabant t\u00e9 lloc el sopar de lliurament dels Premis Jaume I, que des de 1996 <sup id=\"cite_ref-5\" class=\"reference\"><\/sup>han distingit les persones, comer\u00e7os i entitats compromeses amb la llengua i la cultura; cada un dels cinc premis diferents que s&#8217;atorguen duen el nom d&#8217;un personatge valenci\u00e0 que representen una categoria espec\u00edfica: aix\u00ed, el <a title=\"Joan Fuster i Ortells\" href=\"https:\/\/ca.wikipedia.org\/wiki\/Joan_Fuster_i_Ortells\">Premi Joan Fuster <\/a>s&#8217;atorga a entitats i associacions dedicades a la cultura com <a class=\"mw-redirect\" title=\"Bromera\" href=\"https:\/\/ca.wikipedia.org\/wiki\/Bromera\">Bromera<\/a>, <a class=\"mw-redirect\" title=\"ACPV\" href=\"https:\/\/ca.wikipedia.org\/wiki\/ACPV\">ACPV<\/a>, la <a title=\"Universitat de Val\u00e8ncia\" href=\"https:\/\/ca.wikipedia.org\/wiki\/Universitat_de_Val%C3%A8ncia\">Universitat de Val\u00e8ncia<\/a>, l&#8217;<a title=\"Associaci\u00f3 d'Escriptors en Llengua Catalana\" href=\"https:\/\/ca.wikipedia.org\/wiki\/Associaci%C3%B3_d%27Escriptors_en_Llengua_Catalana\">AELC<\/a> o <i><a title=\"El Temps\" href=\"https:\/\/ca.wikipedia.org\/wiki\/El_Temps\">El Temps<\/a><\/i>; el <a title=\"Tio Canya\" href=\"https:\/\/ca.wikipedia.org\/wiki\/Tio_Canya\">Tio Canya<\/a> pren el nom de la can\u00e7\u00f3 hom\u00f2nima<sup id=\"cite_ref-:0_6-0\" class=\"reference\"><\/sup> per destacar personalitats destacades en la defensa d&#8217;all\u00f2 valenci\u00e0 com el mateix Bausset, <a title=\"Al Tall\" href=\"https:\/\/ca.wikipedia.org\/wiki\/Al_Tall\">Vicent Torrent<\/a>, <a title=\"Toni Mestre\" href=\"https:\/\/ca.wikipedia.org\/wiki\/Toni_Mestre\">Toni Mestre<\/a>, <a title=\"Escola Valenciana\" href=\"https:\/\/ca.wikipedia.org\/wiki\/Escola_Valenciana\">Escola Valenciana<\/a>, <a title=\"TV3\" href=\"https:\/\/ca.wikipedia.org\/wiki\/TV3\">TV3<\/a> o <a class=\"mw-redirect\" title=\"Josep Guia\" href=\"https:\/\/ca.wikipedia.org\/wiki\/Josep_Guia\">Josep Guia<\/a>; l&#8217;<a class=\"mw-redirect\" title=\"Ovidi Montllor\" href=\"https:\/\/ca.wikipedia.org\/wiki\/Ovidi_Montllor\">Ovidi Montllor<\/a> representa el m\u00f3n de les arts i se l&#8217;han endut el <a title=\"Grup de Dansa L'Alc\u00fadia\" href=\"https:\/\/ca.wikipedia.org\/wiki\/Grup_de_Dansa_L%27Alc%C3%BAdia\">Grup de Dansa<\/a>, <a class=\"mw-redirect\" title=\"Matilde Salvador\" href=\"https:\/\/ca.wikipedia.org\/wiki\/Matilde_Salvador\">Matilde Salvador<\/a>, <a title=\"Paco Mu\u00f1oz\" href=\"https:\/\/ca.wikipedia.org\/wiki\/Paco_Mu%C3%B1oz\">Paco Mu\u00f1oz<\/a>, <a title=\"Els Pavesos\" href=\"https:\/\/ca.wikipedia.org\/wiki\/Els_Pavesos\">Merxe Banyuls<\/a> o <a class=\"mw-redirect\" title=\"Llu\u00eds Miquel\" href=\"https:\/\/ca.wikipedia.org\/wiki\/Llu%C3%ADs_Miquel\">Llu\u00eds Miquel<\/a>; el <a title=\"Carles Salvador i Gimeno\" href=\"https:\/\/ca.wikipedia.org\/wiki\/Carles_Salvador_i_Gimeno\">Carles Salvador<\/a> va adre\u00e7at a persones i entitats dedicades espec\u00edficament a l&#8217;\u00fas i la promoci\u00f3 de la llengua com les escoles i l&#8217;institut de secund\u00e0ria de l&#8217;Alc\u00fadia en l&#8217;\u00e0mbit p\u00fablic o l&#8217;<a title=\"Escola Gavina\" href=\"https:\/\/ca.wikipedia.org\/wiki\/Escola_Gavina\">Escola Gavina<\/a> en el privat; finalment, el Vicent Andr\u00e9s Estell\u00e9s es dona als comer\u00e7os o empreses locals destacat per la contribuci\u00f3 a la dignificaci\u00f3 de la llengua i la cultura valencianes.<sup id=\"cite_ref-7\" class=\"reference\"><\/sup><\/p>\n<p>[\/et_pb_text][\/et_pb_column][et_pb_column type=&#8221;1_2&#8243; _builder_version=&#8221;4.25.0&#8243; _module_preset=&#8221;default&#8221; global_colors_info=&#8221;{}&#8221;][et_pb_video src=&#8221;https:\/\/acpv.cat\/paisestelles\/wp-content\/uploads\/2024\/07\/VIDEO100ESTELLES.mp4&#8243; admin_label=&#8221;V\u00eddeo&#8221; _builder_version=&#8221;4.26.1&#8243; _module_preset=&#8221;default&#8221; global_colors_info=&#8221;{}&#8221;][\/et_pb_video][\/et_pb_column][\/et_pb_row][\/et_pb_section][et_pb_section fb_built=&#8221;1&#8243; make_equal=&#8221;on&#8221; specialty=&#8221;on&#8221; background_color_1=&#8221;#FFFFFF&#8221; disabled_on=&#8221;on|on|on&#8221; admin_label=&#8221;Pa\u00eds Estell\u00e9s&#8221; _builder_version=&#8221;4.25.0&#8243; _module_preset=&#8221;default&#8221; background_color=&#8221;gcid-3cfc8c0c-5557-4a5d-9dab-24e78d615311&#8243; disabled=&#8221;on&#8221; saved_tabs=&#8221;all&#8221; collapsed=&#8221;off&#8221; global_colors_info=&#8221;{%22gcid-3cfc8c0c-5557-4a5d-9dab-24e78d615311%22:%91%22background_color%22%93}&#8221;][et_pb_column type=&#8221;2_3&#8243; specialty_columns=&#8221;2&#8243; _builder_version=&#8221;4.16&#8243; _module_preset=&#8221;default&#8221; custom_padding=&#8221;|||&#8221; global_colors_info=&#8221;{}&#8221; custom_padding__hover=&#8221;|||&#8221;][et_pb_row_inner column_structure=&#8221;1_2,1_2&#8243; custom_padding_last_edited=&#8221;on|tablet&#8221; disabled_on=&#8221;on|on|on&#8221; _builder_version=&#8221;4.22.0&#8243; _module_preset=&#8221;default&#8221; custom_padding=&#8221;|60px|60px|60px|false|true&#8221; custom_padding_tablet=&#8221;|30px|30px|30px|false|true&#8221; custom_padding_phone=&#8221;|20px|20px|20px|false|true&#8221; disabled=&#8221;on&#8221; global_colors_info=&#8221;{}&#8221;][et_pb_column_inner type=&#8221;1_2&#8243; saved_specialty_column_type=&#8221;2_3&#8243; _builder_version=&#8221;4.22.0&#8243; _module_preset=&#8221;default&#8221; global_colors_info=&#8221;{}&#8221;][et_pb_text _builder_version=&#8221;4.22.0&#8243; _module_preset=&#8221;_initial&#8221; header_5_font=&#8221;Work Sans|500|||||||&#8221; header_5_font_size=&#8221;20px&#8221; header_5_line_height=&#8221;1.6em&#8221; custom_margin=&#8221;||0px||false|false&#8221; header_5_font_size_tablet=&#8221;16px&#8221; header_5_font_size_phone=&#8221;14px&#8221; header_5_font_size_last_edited=&#8221;on|desktop&#8221; global_colors_info=&#8221;{}&#8221;]<\/p>\n<h5>Understanding Your Unique Goals<\/h5>\n<p>[\/et_pb_text][et_pb_text _builder_version=&#8221;4.22.0&#8243; _module_preset=&#8221;_initial&#8221; text_line_height=&#8221;1.8em&#8221; global_colors_info=&#8221;{}&#8221;]We recognize that every business is distinct, with its own set of aspirations and challenges. Our approach begins with a comprehensive understanding.[\/et_pb_text][\/et_pb_column_inner][et_pb_column_inner type=&#8221;1_2&#8243; saved_specialty_column_type=&#8221;2_3&#8243; _builder_version=&#8221;4.22.0&#8243; _module_preset=&#8221;default&#8221; global_colors_info=&#8221;{}&#8221;][et_pb_text _builder_version=&#8221;4.22.0&#8243; _module_preset=&#8221;_initial&#8221; header_5_font=&#8221;Work Sans|500|||||||&#8221; header_5_font_size=&#8221;20px&#8221; header_5_line_height=&#8221;1.6em&#8221; custom_margin=&#8221;||0px||false|false&#8221; header_5_font_size_tablet=&#8221;16px&#8221; header_5_font_size_phone=&#8221;14px&#8221; header_5_font_size_last_edited=&#8221;on|desktop&#8221; global_colors_info=&#8221;{}&#8221;]<\/p>\n<h5>Data-Driven Market Analysis<\/h5>\n<p>[\/et_pb_text][et_pb_text _builder_version=&#8221;4.22.0&#8243; _module_preset=&#8221;_initial&#8221; text_line_height=&#8221;1.8em&#8221; global_colors_info=&#8221;{}&#8221;]Our team of seasoned consultants leverages robust market research and analysis to identify opportunities and trends within your industry.[\/et_pb_text][\/et_pb_column_inner][\/et_pb_row_inner][\/et_pb_column][et_pb_column type=&#8221;1_3&#8243; _builder_version=&#8221;4.16&#8243; _module_preset=&#8221;default&#8221; custom_padding=&#8221;|||&#8221; global_colors_info=&#8221;{}&#8221; custom_padding__hover=&#8221;|||&#8221;][\/et_pb_column][\/et_pb_section][et_pb_section fb_built=&#8221;1&#8243; admin_label=&#8221;Call to Action&#8221; _builder_version=&#8221;4.22.0&#8243; _module_preset=&#8221;default&#8221; background_color=&#8221;gcid-3cfc8c0c-5557-4a5d-9dab-24e78d615311&#8243; collapsed=&#8221;off&#8221; global_colors_info=&#8221;{%22gcid-3cfc8c0c-5557-4a5d-9dab-24e78d615311%22:%91%22background_color%22%93}&#8221;][et_pb_row column_structure=&#8221;1_2,1_4,1_4&#8243; _builder_version=&#8221;4.22.0&#8243; _module_preset=&#8221;default&#8221; global_colors_info=&#8221;{}&#8221;][et_pb_column type=&#8221;1_2&#8243; _builder_version=&#8221;4.22.0&#8243; _module_preset=&#8221;default&#8221; global_colors_info=&#8221;{}&#8221;][et_pb_text _builder_version=&#8221;4.26.1&#8243; _module_preset=&#8221;_initial&#8221; header_2_font=&#8221;Work Sans|500|||||||&#8221; header_2_font_size=&#8221;52px&#8221; header_2_line_height=&#8221;1.2em&#8221; custom_margin=&#8221;|-38px||||&#8221; hover_enabled=&#8221;0&#8243; header_2_font_size_tablet=&#8221;32px&#8221; header_2_font_size_phone=&#8221;20px&#8221; header_2_font_size_last_edited=&#8221;on|desktop&#8221; global_colors_info=&#8221;{}&#8221; sticky_enabled=&#8221;0&#8243;]<\/p>\n<h2 style=\"text-align: center;\">\u00a0<\/h2>\n<p>[\/et_pb_text][\/et_pb_column][et_pb_column type=&#8221;1_4&#8243; _builder_version=&#8221;4.22.0&#8243; _module_preset=&#8221;default&#8221; global_colors_info=&#8221;{}&#8221;][et_pb_button button_url=&#8221;https:\/\/acpv.cat\/paisestelles\/esdeveniments\/categoria\/agenda\/&#8221; button_text=&#8221;AGENDA&#8221; button_alignment=&#8221;center&#8221; _builder_version=&#8221;4.25.0&#8243; _module_preset=&#8221;_initial&#8221; custom_button=&#8221;on&#8221; button_text_size=&#8221;14px&#8221; button_text_color=&#8221;#FFFFFF&#8221; button_bg_color=&#8221;#BF2002&#8243; button_border_width=&#8221;0px&#8221; button_border_radius=&#8221;100px&#8221; button_letter_spacing=&#8221;0.3em&#8221; button_font=&#8221;|700||on|||||&#8221; background_layout=&#8221;dark&#8221; custom_margin=&#8221;||-1px|||&#8221; custom_padding=&#8221;16px|40px|16px|40px|true|true&#8221; global_colors_info=&#8221;{}&#8221;][\/et_pb_button][\/et_pb_column][et_pb_column type=&#8221;1_4&#8243; _builder_version=&#8221;4.22.0&#8243; _module_preset=&#8221;default&#8221; global_colors_info=&#8221;{}&#8221;][et_pb_image src=&#8221;https:\/\/acpv.cat\/paisestelles\/wp-content\/uploads\/2024\/05\/ACPV-PAIS-ESTELLES-PEDRO-ADS_blanc_1-scaled.jpg&#8221; title_text=&#8221;ACPV &#8211; PAIS ESTELLES &#8211; PEDRO ADS_blanc_1&#8243; _builder_version=&#8221;4.25.0&#8243; _module_preset=&#8221;default&#8221; global_colors_info=&#8221;{}&#8221;][\/et_pb_image][\/et_pb_column][\/et_pb_row][\/et_pb_section]<\/p>\n","protected":false},"excerpt":{"rendered":"<p>L&#8217;ALC\u00daDIABloc de Progr\u00e9s Jaume I de l&#8217;Alc\u00fadia El Bloc de Progr\u00e9s Jaume I de l&#8217;Alc\u00fadia \u00e9s una associaci\u00f3 cultural valenciana que treballa per la recuperaci\u00f3 de la llengua i de [&hellip;]<\/p>\n","protected":false},"author":2,"featured_media":0,"parent":0,"menu_order":0,"comment_status":"closed","ping_status":"closed","template":"","meta":{"_et_pb_use_builder":"on","_et_pb_old_content":"","_et_gb_content_width":"","footnotes":""},"categories":[7],"tags":[8],"class_list":["post-807","page","type-page","status-publish","hentry","category-localitats","tag-localitats"],"_links":{"self":[{"href":"https:\/\/acpv.cat\/paisestelles\/wp-json\/wp\/v2\/pages\/807","targetHints":{"allow":["GET"]}}],"collection":[{"href":"https:\/\/acpv.cat\/paisestelles\/wp-json\/wp\/v2\/pages"}],"about":[{"href":"https:\/\/acpv.cat\/paisestelles\/wp-json\/wp\/v2\/types\/page"}],"author":[{"embeddable":true,"href":"https:\/\/acpv.cat\/paisestelles\/wp-json\/wp\/v2\/users\/2"}],"replies":[{"embeddable":true,"href":"https:\/\/acpv.cat\/paisestelles\/wp-json\/wp\/v2\/comments?post=807"}],"version-history":[{"count":4,"href":"https:\/\/acpv.cat\/paisestelles\/wp-json\/wp\/v2\/pages\/807\/revisions"}],"predecessor-version":[{"id":817,"href":"https:\/\/acpv.cat\/paisestelles\/wp-json\/wp\/v2\/pages\/807\/revisions\/817"}],"wp:attachment":[{"href":"https:\/\/acpv.cat\/paisestelles\/wp-json\/wp\/v2\/media?parent=807"}],"wp:term":[{"taxonomy":"category","embeddable":true,"href":"https:\/\/acpv.cat\/paisestelles\/wp-json\/wp\/v2\/categories?post=807"},{"taxonomy":"post_tag","embeddable":true,"href":"https:\/\/acpv.cat\/paisestelles\/wp-json\/wp\/v2\/tags?post=807"}],"curies":[{"name":"wp","href":"https:\/\/api.w.org\/{rel}","templated":true}]}}