{"id":1067,"date":"2024-07-30T11:22:01","date_gmt":"2024-07-30T09:22:01","guid":{"rendered":"https:\/\/acpv.cat\/paisestelles\/?post_type=tribe_events&#038;p=1067"},"modified":"2024-07-30T11:22:01","modified_gmt":"2024-07-30T09:22:01","slug":"sopar-estelles-valencia","status":"publish","type":"tribe_events","link":"https:\/\/acpv.cat\/paisestelles\/esdeveniments\/sopar-estelles-valencia\/","title":{"rendered":"Sopar Estell\u00e9s Val\u00e8ncia"},"content":{"rendered":"<p>Un sopar que tindr\u00e0 connexi\u00f3 amb Barcelona (\u00d2mnium Cultural), Palma (Obra Cultural Balear), Perpiny\u00e0, Andorra i Brusel\u00b7les.<\/p>\n<p>Lectura de poemes.<\/p>\n<p>Espectacle Vicent Romput per Criatura teatre<\/p>\n<p>Preu sopar: 15 \u20ac<\/p>\n<p>Reserves a <a href=\"http:\/\/ja.cat\/EstellesValencia\">ja.cat\/EstellesValencia<\/a><\/p>\n<p><img loading=\"lazy\" decoding=\"async\" class=\"alignnone size-medium wp-image-1068\" src=\"https:\/\/acpv.cat\/paisestelles\/wp-content\/uploads\/2024\/07\/Valencia-Q-XXSS-300x300.png\" alt=\"\" width=\"300\" height=\"300\" \/><\/p>\n<p>&nbsp;<\/p>\n","protected":false},"excerpt":{"rendered":"<p>Un sopar que tindr\u00e0 connexi\u00f3 amb Barcelona (\u00d2mnium Cultural), Palma (Obra Cultural Balear), Perpiny\u00e0, Andorra i Brusel\u00b7les. Lectura de poemes. Espectacle Vicent Romput per Criatura teatre Preu sopar: 15 \u20ac [&hellip;]<\/p>\n","protected":false},"author":2,"featured_media":1068,"comment_status":"closed","ping_status":"closed","template":"","meta":{"_et_pb_use_builder":"","_et_pb_old_content":"","_et_gb_content_width":"","_tribe_events_status":"","_tribe_events_status_reason":"","footnotes":""},"tags":[],"tribe_events_cat":[4],"class_list":["post-1067","tribe_events","type-tribe_events","status-publish","has-post-thumbnail","hentry","tribe_events_cat-agenda","cat_agenda"],"_links":{"self":[{"href":"https:\/\/acpv.cat\/paisestelles\/wp-json\/wp\/v2\/tribe_events\/1067","targetHints":{"allow":["GET"]}}],"collection":[{"href":"https:\/\/acpv.cat\/paisestelles\/wp-json\/wp\/v2\/tribe_events"}],"about":[{"href":"https:\/\/acpv.cat\/paisestelles\/wp-json\/wp\/v2\/types\/tribe_events"}],"author":[{"embeddable":true,"href":"https:\/\/acpv.cat\/paisestelles\/wp-json\/wp\/v2\/users\/2"}],"replies":[{"embeddable":true,"href":"https:\/\/acpv.cat\/paisestelles\/wp-json\/wp\/v2\/comments?post=1067"}],"version-history":[{"count":1,"href":"https:\/\/acpv.cat\/paisestelles\/wp-json\/wp\/v2\/tribe_events\/1067\/revisions"}],"predecessor-version":[{"id":1069,"href":"https:\/\/acpv.cat\/paisestelles\/wp-json\/wp\/v2\/tribe_events\/1067\/revisions\/1069"}],"wp:featuredmedia":[{"embeddable":true,"href":"https:\/\/acpv.cat\/paisestelles\/wp-json\/wp\/v2\/media\/1068"}],"wp:attachment":[{"href":"https:\/\/acpv.cat\/paisestelles\/wp-json\/wp\/v2\/media?parent=1067"}],"wp:term":[{"taxonomy":"post_tag","embeddable":true,"href":"https:\/\/acpv.cat\/paisestelles\/wp-json\/wp\/v2\/tags?post=1067"},{"taxonomy":"tribe_events_cat","embeddable":true,"href":"https:\/\/acpv.cat\/paisestelles\/wp-json\/wp\/v2\/tribe_events_cat?post=1067"}],"curies":[{"name":"wp","href":"https:\/\/api.w.org\/{rel}","templated":true}]}}

Sopar Estellés València

<p>Un sopar que tindrà connexió amb Barcelona (Òmnium Cultural), Palma (Obra Cultural Balear), Perpinyà, Andorra i Brusel·les.</p>
<p>Lectura de poemes.</p>
<p>Espectacle Vicent Romput per Criatura teatre</p>
<p>Preu sopar: 15 €</p>
<p>Reserves a <a href="http://ja.cat/EstellesValencia">ja.cat/EstellesValencia</a></p>
<p><img loading="lazy" decoding="async" class="alignnone size-medium wp-image-1068" src="https://acpv.cat/paisestelles/wp-content/uploads/2024/07/Valencia-Q-XXSS-300x300.png" alt="" width="300" height="300" /></p>
<p>&nbsp;</p>

<p>Un sopar que tindrà connexió amb Barcelona (Òmnium Cultural), Palma (Obra Cultural Balear), Perpinyà, Andorra i Brusel·les. Lectura de poemes. Espectacle Vicent Romput per Criatura teatre Preu sopar: 15 € [&hellip;]</p>
