{"id":1085,"date":"2024-07-30T11:44:52","date_gmt":"2024-07-30T09:44:52","guid":{"rendered":"https:\/\/acpv.cat\/paisestelles\/?post_type=tribe_events&#038;p=1085"},"modified":"2024-07-30T11:50:45","modified_gmt":"2024-07-30T09:50:45","slug":"sopar-estelles-vila-real","status":"publish","type":"tribe_events","link":"https:\/\/acpv.cat\/paisestelles\/esdeveniments\/sopar-estelles-vila-real\/","title":{"rendered":"Sopar Estell\u00e9s &#8211; Vila-real"},"content":{"rendered":"<p>Micro obert &#8211; Lectura de poemes d&#8217;Estell\u00e9s.<\/p>\n<p>Concert d&#8217;Anna Zome\u00f1o<\/p>\n<p>Inscripcions obligat\u00f2ries fins el 20 de setembre a <a href=\"https:\/\/ja.cat\/EstellesVila-real\">https:\/\/ja.cat\/EstellesVila-real<\/a><\/p>\n<p>Preu del sopar: 25 \u20ac<\/p>\n<p><img loading=\"lazy\" decoding=\"async\" class=\"alignnone size-medium wp-image-1089\" src=\"https:\/\/acpv.cat\/paisestelles\/wp-content\/uploads\/2024\/07\/Vila-real-Q-XXSS-1-300x300.png\" alt=\"\" width=\"300\" height=\"300\" \/><\/p>\n","protected":false},"excerpt":{"rendered":"<p>Micro obert &#8211; Lectura de poemes d&#8217;Estell\u00e9s. Concert d&#8217;Anna Zome\u00f1o Inscripcions obligat\u00f2ries fins el 20 de setembre a https:\/\/ja.cat\/EstellesVila-real Preu del sopar: 25 \u20ac<\/p>\n","protected":false},"author":2,"featured_media":1086,"comment_status":"closed","ping_status":"closed","template":"","meta":{"_et_pb_use_builder":"","_et_pb_old_content":"","_et_gb_content_width":"","_tribe_events_status":"","_tribe_events_status_reason":"","footnotes":""},"tags":[],"tribe_events_cat":[4],"class_list":["post-1085","tribe_events","type-tribe_events","status-publish","has-post-thumbnail","hentry","tribe_events_cat-agenda","cat_agenda"],"_links":{"self":[{"href":"https:\/\/acpv.cat\/paisestelles\/wp-json\/wp\/v2\/tribe_events\/1085","targetHints":{"allow":["GET"]}}],"collection":[{"href":"https:\/\/acpv.cat\/paisestelles\/wp-json\/wp\/v2\/tribe_events"}],"about":[{"href":"https:\/\/acpv.cat\/paisestelles\/wp-json\/wp\/v2\/types\/tribe_events"}],"author":[{"embeddable":true,"href":"https:\/\/acpv.cat\/paisestelles\/wp-json\/wp\/v2\/users\/2"}],"replies":[{"embeddable":true,"href":"https:\/\/acpv.cat\/paisestelles\/wp-json\/wp\/v2\/comments?post=1085"}],"version-history":[{"count":2,"href":"https:\/\/acpv.cat\/paisestelles\/wp-json\/wp\/v2\/tribe_events\/1085\/revisions"}],"predecessor-version":[{"id":1090,"href":"https:\/\/acpv.cat\/paisestelles\/wp-json\/wp\/v2\/tribe_events\/1085\/revisions\/1090"}],"wp:featuredmedia":[{"embeddable":true,"href":"https:\/\/acpv.cat\/paisestelles\/wp-json\/wp\/v2\/media\/1086"}],"wp:attachment":[{"href":"https:\/\/acpv.cat\/paisestelles\/wp-json\/wp\/v2\/media?parent=1085"}],"wp:term":[{"taxonomy":"post_tag","embeddable":true,"href":"https:\/\/acpv.cat\/paisestelles\/wp-json\/wp\/v2\/tags?post=1085"},{"taxonomy":"tribe_events_cat","embeddable":true,"href":"https:\/\/acpv.cat\/paisestelles\/wp-json\/wp\/v2\/tribe_events_cat?post=1085"}],"curies":[{"name":"wp","href":"https:\/\/api.w.org\/{rel}","templated":true}]}}

Sopar Estellés &#8211; Vila-real

<p>Micro obert &#8211; Lectura de poemes d&#8217;Estellés.</p>
<p>Concert d&#8217;Anna Zomeño</p>
<p>Inscripcions obligatòries fins el 20 de setembre a <a href="https://ja.cat/EstellesVila-real">https://ja.cat/EstellesVila-real</a></p>
<p>Preu del sopar: 25 €</p>
<p><img loading="lazy" decoding="async" class="alignnone size-medium wp-image-1089" src="https://acpv.cat/paisestelles/wp-content/uploads/2024/07/Vila-real-Q-XXSS-1-300x300.png" alt="" width="300" height="300" /></p>

<p>Micro obert &#8211; Lectura de poemes d&#8217;Estellés. Concert d&#8217;Anna Zomeño Inscripcions obligatòries fins el 20 de setembre a https://ja.cat/EstellesVila-real Preu del sopar: 25 €</p>
