{"id":1247,"date":"2024-08-27T11:44:18","date_gmt":"2024-08-27T09:44:18","guid":{"rendered":"https:\/\/acpv.cat\/paisestelles\/?post_type=tribe_events&#038;p=1247"},"modified":"2024-09-11T13:22:46","modified_gmt":"2024-09-11T11:22:46","slug":"xv-nit-estelles-burjassot","status":"publish","type":"tribe_events","link":"https:\/\/acpv.cat\/paisestelles\/esdeveniments\/xv-nit-estelles-burjassot\/","title":{"rendered":"XV nit Estell\u00e9s &#8211; Burjassot"},"content":{"rendered":"<p>19:00 Entrada a les Sitges. Ruta Estell\u00e9s a c\u00e0rrec d&#8217;Isabel i Vicent Any\u00f3.<\/p>\n<p>21:00 Antic Mercat. Sopar casol\u00e0 25 \u20ac (20 \u20ac s\u00f2cies) Inscripcions a <a href=\"https:\/\/bit.ly\/XVNitEstell%C3%A9s\" target=\"_blank\" rel=\"noopener\">bit.ly\/XVNitEstell\u00e9s<\/a>.<\/p>\n<p>Lectura de poemes<\/p>\n<p>Presentaci\u00f3 del llibre &#8220;Vicent Andr\u00e9s Estell\u00e9s i l&#8217;anglofonia&#8221; de Dominic Keown.<\/p>\n<p>Lliurament guard\u00f3 al comprom\u00eds amb la nostra llengua<\/p>\n<p>Lliurament premi fotografia<\/p>\n<p>Actuaci\u00f3 d&#8217;Eva G\u00f3mez<\/p>\n<p><img loading=\"lazy\" decoding=\"async\" class=\"alignnone size-medium wp-image-1488\" src=\"https:\/\/acpv.cat\/paisestelles\/wp-content\/uploads\/2024\/08\/WhatsApp-Image-2024-09-09-at-09.19.03-300x300.jpeg\" alt=\"\" width=\"300\" height=\"300\" \/><\/p>\n<p>&nbsp;<\/p>\n","protected":false},"excerpt":{"rendered":"<p>19:00 Entrada a les Sitges. Ruta Estell\u00e9s a c\u00e0rrec d&#8217;Isabel i Vicent Any\u00f3. 21:00 Antic Mercat. Sopar casol\u00e0 25 \u20ac (20 \u20ac s\u00f2cies) Inscripcions a bit.ly\/XVNitEstell\u00e9s. Lectura de poemes Presentaci\u00f3 [&hellip;]<\/p>\n","protected":false},"author":2,"featured_media":1488,"comment_status":"closed","ping_status":"closed","template":"","meta":{"_et_pb_use_builder":"","_et_pb_old_content":"","_et_gb_content_width":"","_tribe_events_status":"","_tribe_events_status_reason":"","footnotes":""},"tags":[],"tribe_events_cat":[4],"class_list":["post-1247","tribe_events","type-tribe_events","status-publish","has-post-thumbnail","hentry","tribe_events_cat-agenda","cat_agenda"],"_links":{"self":[{"href":"https:\/\/acpv.cat\/paisestelles\/wp-json\/wp\/v2\/tribe_events\/1247","targetHints":{"allow":["GET"]}}],"collection":[{"href":"https:\/\/acpv.cat\/paisestelles\/wp-json\/wp\/v2\/tribe_events"}],"about":[{"href":"https:\/\/acpv.cat\/paisestelles\/wp-json\/wp\/v2\/types\/tribe_events"}],"author":[{"embeddable":true,"href":"https:\/\/acpv.cat\/paisestelles\/wp-json\/wp\/v2\/users\/2"}],"replies":[{"embeddable":true,"href":"https:\/\/acpv.cat\/paisestelles\/wp-json\/wp\/v2\/comments?post=1247"}],"version-history":[{"count":4,"href":"https:\/\/acpv.cat\/paisestelles\/wp-json\/wp\/v2\/tribe_events\/1247\/revisions"}],"predecessor-version":[{"id":1506,"href":"https:\/\/acpv.cat\/paisestelles\/wp-json\/wp\/v2\/tribe_events\/1247\/revisions\/1506"}],"wp:featuredmedia":[{"embeddable":true,"href":"https:\/\/acpv.cat\/paisestelles\/wp-json\/wp\/v2\/media\/1488"}],"wp:attachment":[{"href":"https:\/\/acpv.cat\/paisestelles\/wp-json\/wp\/v2\/media?parent=1247"}],"wp:term":[{"taxonomy":"post_tag","embeddable":true,"href":"https:\/\/acpv.cat\/paisestelles\/wp-json\/wp\/v2\/tags?post=1247"},{"taxonomy":"tribe_events_cat","embeddable":true,"href":"https:\/\/acpv.cat\/paisestelles\/wp-json\/wp\/v2\/tribe_events_cat?post=1247"}],"curies":[{"name":"wp","href":"https:\/\/api.w.org\/{rel}","templated":true}]}}

XV nit Estellés &#8211; Burjassot

<p>19:00 Entrada a les Sitges. Ruta Estellés a càrrec d&#8217;Isabel i Vicent Anyó.</p>
<p>21:00 Antic Mercat. Sopar casolà 25 € (20 € sòcies) Inscripcions a <a href="https://bit.ly/XVNitEstell%C3%A9s" target="_blank" rel="noopener">bit.ly/XVNitEstellés</a>.</p>
<p>Lectura de poemes</p>
<p>Presentació del llibre &#8220;Vicent Andrés Estellés i l&#8217;anglofonia&#8221; de Dominic Keown.</p>
<p>Lliurament guardó al compromís amb la nostra llengua</p>
<p>Lliurament premi fotografia</p>
<p>Actuació d&#8217;Eva Gómez</p>
<p><img loading="lazy" decoding="async" class="alignnone size-medium wp-image-1488" src="https://acpv.cat/paisestelles/wp-content/uploads/2024/08/WhatsApp-Image-2024-09-09-at-09.19.03-300x300.jpeg" alt="" width="300" height="300" /></p>
<p>&nbsp;</p>

<p>19:00 Entrada a les Sitges. Ruta Estellés a càrrec d&#8217;Isabel i Vicent Anyó. 21:00 Antic Mercat. Sopar casolà 25 € (20 € sòcies) Inscripcions a bit.ly/XVNitEstellés. Lectura de poemes Presentació [&hellip;]</p>
