{"id":1268,"date":"2024-08-27T12:12:16","date_gmt":"2024-08-27T10:12:16","guid":{"rendered":"https:\/\/acpv.cat\/paisestelles\/?post_type=tribe_events&#038;p=1268"},"modified":"2024-09-06T12:27:29","modified_gmt":"2024-09-06T10:27:29","slug":"sopar-estelles-casinos","status":"publish","type":"tribe_events","link":"https:\/\/acpv.cat\/paisestelles\/esdeveniments\/sopar-estelles-casinos\/","title":{"rendered":"Sopar Estell\u00e9s &#8211; Casinos"},"content":{"rendered":"<p>La regidoria de cultura informa, que amb motiu del Centenari del poeta del poble, Vicent Andr\u00e9s Estell\u00e9s, s&#8217;ha organitzat un sopar de germanor per posar en valor la seua figura.<\/p>\n<p>El dissabte 7 de Setembre a la pla\u00e7a del mercat:<\/p>\n<p>\ud83d\udc4919.30 Inauguraci\u00f3 del mural del poema dedicat per Vicent Andr\u00e9s Estell\u00e9s a Casinos realitzat per l&#8217;artista local Maria Vidagany.<\/p>\n<p>En acabar a Sant Roc:<\/p>\n<p>\ud83d\udc4921.00 Sopar de sobaquillo a l&#8217;esplanada de Sant Roc. l&#8217;Ajuntament posar\u00e0 la picaeta. En acabar recitarem i cantarem els poemes d&#8217;Estell\u00e9s amb la col.laboraci\u00f3 del cor de la UMC.<\/p>\n<p><a href=\"https:\/\/forms.gle\/AUg8BSrQdvt7nn1c9\">Cal inscripci\u00f3 previa entrant al codi QR de la imatge o fent clic a\u00e7\u00ed. https:\/\/forms.gle\/AUg8BSrQdvt7nn1c9\u00a0<\/a><\/p>\n","protected":false},"excerpt":{"rendered":"<p>La regidoria de cultura informa, que amb motiu del Centenari del poeta del poble, Vicent Andr\u00e9s Estell\u00e9s, s&#8217;ha organitzat un sopar de germanor per posar en valor la seua figura. [&hellip;]<\/p>\n","protected":false},"author":2,"featured_media":1432,"comment_status":"closed","ping_status":"closed","template":"","meta":{"_et_pb_use_builder":"","_et_pb_old_content":"","_et_gb_content_width":"","_tribe_events_status":"","_tribe_events_status_reason":"","footnotes":""},"tags":[],"tribe_events_cat":[4],"class_list":["post-1268","tribe_events","type-tribe_events","status-publish","has-post-thumbnail","hentry","tribe_events_cat-agenda","cat_agenda"],"_links":{"self":[{"href":"https:\/\/acpv.cat\/paisestelles\/wp-json\/wp\/v2\/tribe_events\/1268","targetHints":{"allow":["GET"]}}],"collection":[{"href":"https:\/\/acpv.cat\/paisestelles\/wp-json\/wp\/v2\/tribe_events"}],"about":[{"href":"https:\/\/acpv.cat\/paisestelles\/wp-json\/wp\/v2\/types\/tribe_events"}],"author":[{"embeddable":true,"href":"https:\/\/acpv.cat\/paisestelles\/wp-json\/wp\/v2\/users\/2"}],"replies":[{"embeddable":true,"href":"https:\/\/acpv.cat\/paisestelles\/wp-json\/wp\/v2\/comments?post=1268"}],"version-history":[{"count":1,"href":"https:\/\/acpv.cat\/paisestelles\/wp-json\/wp\/v2\/tribe_events\/1268\/revisions"}],"predecessor-version":[{"id":1272,"href":"https:\/\/acpv.cat\/paisestelles\/wp-json\/wp\/v2\/tribe_events\/1268\/revisions\/1272"}],"wp:featuredmedia":[{"embeddable":true,"href":"https:\/\/acpv.cat\/paisestelles\/wp-json\/wp\/v2\/media\/1432"}],"wp:attachment":[{"href":"https:\/\/acpv.cat\/paisestelles\/wp-json\/wp\/v2\/media?parent=1268"}],"wp:term":[{"taxonomy":"post_tag","embeddable":true,"href":"https:\/\/acpv.cat\/paisestelles\/wp-json\/wp\/v2\/tags?post=1268"},{"taxonomy":"tribe_events_cat","embeddable":true,"href":"https:\/\/acpv.cat\/paisestelles\/wp-json\/wp\/v2\/tribe_events_cat?post=1268"}],"curies":[{"name":"wp","href":"https:\/\/api.w.org\/{rel}","templated":true}]}}

Sopar Estellés &#8211; Casinos

<p>La regidoria de cultura informa, que amb motiu del Centenari del poeta del poble, Vicent Andrés Estellés, s&#8217;ha organitzat un sopar de germanor per posar en valor la seua figura.</p>
<p>El dissabte 7 de Setembre a la plaça del mercat:</p>
<p>👉19.30 Inauguració del mural del poema dedicat per Vicent Andrés Estellés a Casinos realitzat per l&#8217;artista local Maria Vidagany.</p>
<p>En acabar a Sant Roc:</p>
<p>👉21.00 Sopar de sobaquillo a l&#8217;esplanada de Sant Roc. l&#8217;Ajuntament posarà la picaeta. En acabar recitarem i cantarem els poemes d&#8217;Estellés amb la col.laboració del cor de la UMC.</p>
<p><a href="https://forms.gle/AUg8BSrQdvt7nn1c9">Cal inscripció previa entrant al codi QR de la imatge o fent clic açí. https://forms.gle/AUg8BSrQdvt7nn1c9 </a></p>

<p>La regidoria de cultura informa, que amb motiu del Centenari del poeta del poble, Vicent Andrés Estellés, s&#8217;ha organitzat un sopar de germanor per posar en valor la seua figura. [&hellip;]</p>
