{"id":1437,"date":"2024-09-06T12:42:33","date_gmt":"2024-09-06T10:42:33","guid":{"rendered":"https:\/\/acpv.cat\/paisestelles\/?post_type=tribe_events&#038;p=1437"},"modified":"2024-09-06T12:44:35","modified_gmt":"2024-09-06T10:44:35","slug":"sopar-estelles-real","status":"publish","type":"tribe_events","link":"https:\/\/acpv.cat\/paisestelles\/esdeveniments\/sopar-estelles-real\/","title":{"rendered":"Sopar Estell\u00e9s &#8211; Real"},"content":{"rendered":"<p>Festa de la poesis<\/p>\n<p>Homentage a Vicent Andr\u00e9s estell\u00e9s<\/p>\n<p>Aportaci\u00f3 volunt\u00e0ria de 10 \u20ac<\/p>\n<p>Sopar sobaquer<\/p>\n<p>Micro obert<\/p>\n<p>Amb la col\u00b7laboraci\u00f3 de: Paco Farra, Ximo Caffarena, Elies monxol\u00ed, Isabella L\u00e1uzara, Nacho Ma\u00f1\u00f3<\/p>\n","protected":false},"excerpt":{"rendered":"<p>Festa de la poesis Homentage a Vicent Andr\u00e9s estell\u00e9s Aportaci\u00f3 volunt\u00e0ria de 10 \u20ac Sopar sobaquer Micro obert Amb la col\u00b7laboraci\u00f3 de: Paco Farra, Ximo Caffarena, Elies monxol\u00ed, Isabella L\u00e1uzara, [&hellip;]<\/p>\n","protected":false},"author":2,"featured_media":1438,"comment_status":"closed","ping_status":"closed","template":"","meta":{"_et_pb_use_builder":"","_et_pb_old_content":"","_et_gb_content_width":"","_tribe_events_status":"","_tribe_events_status_reason":"","footnotes":""},"tags":[],"tribe_events_cat":[4],"class_list":["post-1437","tribe_events","type-tribe_events","status-publish","has-post-thumbnail","hentry","tribe_events_cat-agenda","cat_agenda"],"_links":{"self":[{"href":"https:\/\/acpv.cat\/paisestelles\/wp-json\/wp\/v2\/tribe_events\/1437","targetHints":{"allow":["GET"]}}],"collection":[{"href":"https:\/\/acpv.cat\/paisestelles\/wp-json\/wp\/v2\/tribe_events"}],"about":[{"href":"https:\/\/acpv.cat\/paisestelles\/wp-json\/wp\/v2\/types\/tribe_events"}],"author":[{"embeddable":true,"href":"https:\/\/acpv.cat\/paisestelles\/wp-json\/wp\/v2\/users\/2"}],"replies":[{"embeddable":true,"href":"https:\/\/acpv.cat\/paisestelles\/wp-json\/wp\/v2\/comments?post=1437"}],"version-history":[{"count":1,"href":"https:\/\/acpv.cat\/paisestelles\/wp-json\/wp\/v2\/tribe_events\/1437\/revisions"}],"predecessor-version":[{"id":1440,"href":"https:\/\/acpv.cat\/paisestelles\/wp-json\/wp\/v2\/tribe_events\/1437\/revisions\/1440"}],"wp:featuredmedia":[{"embeddable":true,"href":"https:\/\/acpv.cat\/paisestelles\/wp-json\/wp\/v2\/media\/1438"}],"wp:attachment":[{"href":"https:\/\/acpv.cat\/paisestelles\/wp-json\/wp\/v2\/media?parent=1437"}],"wp:term":[{"taxonomy":"post_tag","embeddable":true,"href":"https:\/\/acpv.cat\/paisestelles\/wp-json\/wp\/v2\/tags?post=1437"},{"taxonomy":"tribe_events_cat","embeddable":true,"href":"https:\/\/acpv.cat\/paisestelles\/wp-json\/wp\/v2\/tribe_events_cat?post=1437"}],"curies":[{"name":"wp","href":"https:\/\/api.w.org\/{rel}","templated":true}]}}

Sopar Estellés &#8211; Real

<p>Festa de la poesis</p>
<p>Homentage a Vicent Andrés estellés</p>
<p>Aportació voluntària de 10 €</p>
<p>Sopar sobaquer</p>
<p>Micro obert</p>
<p>Amb la col·laboració de: Paco Farra, Ximo Caffarena, Elies monxolí, Isabella Láuzara, Nacho Mañó</p>

<p>Festa de la poesis Homentage a Vicent Andrés estellés Aportació voluntària de 10 € Sopar sobaquer Micro obert Amb la col·laboració de: Paco Farra, Ximo Caffarena, Elies monxolí, Isabella Láuzara, [&hellip;]</p>
