{"id":1442,"date":"2024-09-06T12:50:40","date_gmt":"2024-09-06T10:50:40","guid":{"rendered":"https:\/\/acpv.cat\/paisestelles\/?post_type=tribe_events&#038;p=1442"},"modified":"2024-09-06T14:28:33","modified_gmt":"2024-09-06T12:28:33","slug":"sopar-estelles-castello-de-la-plana","status":"publish","type":"tribe_events","link":"https:\/\/acpv.cat\/paisestelles\/esdeveniments\/sopar-estelles-castello-de-la-plana\/","title":{"rendered":"Sopar Estell\u00e9s &#8211; Castell\u00f3 de la Plana"},"content":{"rendered":"<p>Micr\u00f2fon Obert.<\/p>\n<p>Lectura de poemes a c\u00e0rrec d&#8217;El Pont Cooperativa de Lletres<\/p>\n<p>21,30 h. Concert de Can\u00e7ons d&#8217;Artiga<\/p>\n<p>Preu: 10 \u20ac \u00a0(inclou el sopar, beguda a banda)<\/p>\n<p>Compra d&#8217;entrades: <a href=\"https:\/\/ja.cat\/SoparEstellesCastello\">https:\/\/ja.cat\/SoparEstellesCastello<\/a><\/p>\n","protected":false},"excerpt":{"rendered":"<p>Micr\u00f2fon Obert. Lectura de poemes a c\u00e0rrec d&#8217;El Pont Cooperativa de Lletres 21,30 h. Concert de Can\u00e7ons d&#8217;Artiga Preu: 10 \u20ac \u00a0(inclou el sopar, beguda a banda) Compra d&#8217;entrades: https:\/\/ja.cat\/SoparEstellesCastello<\/p>\n","protected":false},"author":2,"featured_media":1458,"comment_status":"closed","ping_status":"closed","template":"","meta":{"_et_pb_use_builder":"","_et_pb_old_content":"","_et_gb_content_width":"","_tribe_events_status":"","_tribe_events_status_reason":"","footnotes":""},"tags":[],"tribe_events_cat":[4],"class_list":["post-1442","tribe_events","type-tribe_events","status-publish","has-post-thumbnail","hentry","tribe_events_cat-agenda","cat_agenda"],"_links":{"self":[{"href":"https:\/\/acpv.cat\/paisestelles\/wp-json\/wp\/v2\/tribe_events\/1442","targetHints":{"allow":["GET"]}}],"collection":[{"href":"https:\/\/acpv.cat\/paisestelles\/wp-json\/wp\/v2\/tribe_events"}],"about":[{"href":"https:\/\/acpv.cat\/paisestelles\/wp-json\/wp\/v2\/types\/tribe_events"}],"author":[{"embeddable":true,"href":"https:\/\/acpv.cat\/paisestelles\/wp-json\/wp\/v2\/users\/2"}],"replies":[{"embeddable":true,"href":"https:\/\/acpv.cat\/paisestelles\/wp-json\/wp\/v2\/comments?post=1442"}],"version-history":[{"count":1,"href":"https:\/\/acpv.cat\/paisestelles\/wp-json\/wp\/v2\/tribe_events\/1442\/revisions"}],"predecessor-version":[{"id":1445,"href":"https:\/\/acpv.cat\/paisestelles\/wp-json\/wp\/v2\/tribe_events\/1442\/revisions\/1445"}],"wp:featuredmedia":[{"embeddable":true,"href":"https:\/\/acpv.cat\/paisestelles\/wp-json\/wp\/v2\/media\/1458"}],"wp:attachment":[{"href":"https:\/\/acpv.cat\/paisestelles\/wp-json\/wp\/v2\/media?parent=1442"}],"wp:term":[{"taxonomy":"post_tag","embeddable":true,"href":"https:\/\/acpv.cat\/paisestelles\/wp-json\/wp\/v2\/tags?post=1442"},{"taxonomy":"tribe_events_cat","embeddable":true,"href":"https:\/\/acpv.cat\/paisestelles\/wp-json\/wp\/v2\/tribe_events_cat?post=1442"}],"curies":[{"name":"wp","href":"https:\/\/api.w.org\/{rel}","templated":true}]}}

Sopar Estellés &#8211; Castelló de la Plana

<p>Micròfon Obert.</p>
<p>Lectura de poemes a càrrec d&#8217;El Pont Cooperativa de Lletres</p>
<p>21,30 h. Concert de Cançons d&#8217;Artiga</p>
<p>Preu: 10 €  (inclou el sopar, beguda a banda)</p>
<p>Compra d&#8217;entrades: <a href="https://ja.cat/SoparEstellesCastello">https://ja.cat/SoparEstellesCastello</a></p>

<p>Micròfon Obert. Lectura de poemes a càrrec d&#8217;El Pont Cooperativa de Lletres 21,30 h. Concert de Cançons d&#8217;Artiga Preu: 10 €  (inclou el sopar, beguda a banda) Compra d&#8217;entrades: https://ja.cat/SoparEstellesCastello</p>
