{"id":1490,"date":"2024-09-09T12:05:12","date_gmt":"2024-09-09T10:05:12","guid":{"rendered":"https:\/\/acpv.cat\/paisestelles\/?post_type=tribe_events&#038;p=1490"},"modified":"2024-09-09T12:05:12","modified_gmt":"2024-09-09T10:05:12","slug":"nit-estelles-paiporta","status":"publish","type":"tribe_events","link":"https:\/\/acpv.cat\/paisestelles\/esdeveniments\/nit-estelles-paiporta\/","title":{"rendered":"Nit Estell\u00e9s &#8211; Paiporta"},"content":{"rendered":"<p>Fira, poemes, m\u00fasica, teatre i sopar d&#8217;enfaixat.<\/p>\n<p>Amb les actuacions de &#8220;Estell\u00e9s Club cabaret&#8221;<\/p>\n<p>Sopar a les 20,30h<\/p>\n<p>Cal portar entrep\u00e0 i fer inscripci\u00f3 pr\u00e8via al correu elbarranc@gmail.com abans del 19 de setembre.<\/p>\n<p><img loading=\"lazy\" decoding=\"async\" class=\"alignnone size-medium wp-image-1491\" src=\"https:\/\/acpv.cat\/paisestelles\/wp-content\/uploads\/2024\/09\/WhatsApp-Image-2024-09-09-at-11.59.53-212x300.jpeg\" alt=\"\" width=\"212\" height=\"300\" \/><\/p>\n","protected":false},"excerpt":{"rendered":"<p>Fira, poemes, m\u00fasica, teatre i sopar d&#8217;enfaixat. Amb les actuacions de &#8220;Estell\u00e9s Club cabaret&#8221; Sopar a les 20,30h Cal portar entrep\u00e0 i fer inscripci\u00f3 pr\u00e8via al correu elbarranc@gmail.com abans del [&hellip;]<\/p>\n","protected":false},"author":2,"featured_media":1491,"comment_status":"closed","ping_status":"closed","template":"","meta":{"_et_pb_use_builder":"","_et_pb_old_content":"","_et_gb_content_width":"","_tribe_events_status":"","_tribe_events_status_reason":"","footnotes":""},"tags":[],"tribe_events_cat":[4],"class_list":["post-1490","tribe_events","type-tribe_events","status-publish","has-post-thumbnail","hentry","tribe_events_cat-agenda","cat_agenda"],"_links":{"self":[{"href":"https:\/\/acpv.cat\/paisestelles\/wp-json\/wp\/v2\/tribe_events\/1490","targetHints":{"allow":["GET"]}}],"collection":[{"href":"https:\/\/acpv.cat\/paisestelles\/wp-json\/wp\/v2\/tribe_events"}],"about":[{"href":"https:\/\/acpv.cat\/paisestelles\/wp-json\/wp\/v2\/types\/tribe_events"}],"author":[{"embeddable":true,"href":"https:\/\/acpv.cat\/paisestelles\/wp-json\/wp\/v2\/users\/2"}],"replies":[{"embeddable":true,"href":"https:\/\/acpv.cat\/paisestelles\/wp-json\/wp\/v2\/comments?post=1490"}],"version-history":[{"count":1,"href":"https:\/\/acpv.cat\/paisestelles\/wp-json\/wp\/v2\/tribe_events\/1490\/revisions"}],"predecessor-version":[{"id":1493,"href":"https:\/\/acpv.cat\/paisestelles\/wp-json\/wp\/v2\/tribe_events\/1490\/revisions\/1493"}],"wp:featuredmedia":[{"embeddable":true,"href":"https:\/\/acpv.cat\/paisestelles\/wp-json\/wp\/v2\/media\/1491"}],"wp:attachment":[{"href":"https:\/\/acpv.cat\/paisestelles\/wp-json\/wp\/v2\/media?parent=1490"}],"wp:term":[{"taxonomy":"post_tag","embeddable":true,"href":"https:\/\/acpv.cat\/paisestelles\/wp-json\/wp\/v2\/tags?post=1490"},{"taxonomy":"tribe_events_cat","embeddable":true,"href":"https:\/\/acpv.cat\/paisestelles\/wp-json\/wp\/v2\/tribe_events_cat?post=1490"}],"curies":[{"name":"wp","href":"https:\/\/api.w.org\/{rel}","templated":true}]}}

Nit Estellés &#8211; Paiporta

<p>Fira, poemes, música, teatre i sopar d&#8217;enfaixat.</p>
<p>Amb les actuacions de &#8220;Estellés Club cabaret&#8221;</p>
<p>Sopar a les 20,30h</p>
<p>Cal portar entrepà i fer inscripció prèvia al correu elbarranc@gmail.com abans del 19 de setembre.</p>
<p><img loading="lazy" decoding="async" class="alignnone size-medium wp-image-1491" src="https://acpv.cat/paisestelles/wp-content/uploads/2024/09/WhatsApp-Image-2024-09-09-at-11.59.53-212x300.jpeg" alt="" width="212" height="300" /></p>

<p>Fira, poemes, música, teatre i sopar d&#8217;enfaixat. Amb les actuacions de &#8220;Estellés Club cabaret&#8221; Sopar a les 20,30h Cal portar entrepà i fer inscripció prèvia al correu elbarranc@gmail.com abans del [&hellip;]</p>
