{"id":1596,"date":"2024-09-26T09:36:13","date_gmt":"2024-09-26T07:36:13","guid":{"rendered":"https:\/\/acpv.cat\/paisestelles\/?post_type=tribe_events&#038;p=1596"},"modified":"2024-09-26T09:36:13","modified_gmt":"2024-09-26T07:36:13","slug":"sopar-estelles-manuel","status":"publish","type":"tribe_events","link":"https:\/\/acpv.cat\/paisestelles\/esdeveniments\/sopar-estelles-manuel\/","title":{"rendered":"Sopar Estell\u00e9s &#8211; Manuel"},"content":{"rendered":"<p>Sopar de pa i porta<\/p>\n<p>Micro Obert &#8211; Lectura de poemes d&#8217;estell\u00e9s<\/p>\n<p>Concert de Llunaci\u00f3<\/p>\n<p>M\u00e9s informaci\u00f3: 656996242<\/p>\n<p><img loading=\"lazy\" decoding=\"async\" class=\"alignnone size-medium wp-image-1597\" src=\"https:\/\/acpv.cat\/paisestelles\/wp-content\/uploads\/2024\/09\/Manuel-quadrat-XXSS-300x300.png\" alt=\"\" width=\"300\" height=\"300\" \/><\/p>\n","protected":false},"excerpt":{"rendered":"<p>Sopar de pa i porta Micro Obert &#8211; Lectura de poemes d&#8217;estell\u00e9s Concert de Llunaci\u00f3 M\u00e9s informaci\u00f3: 656996242<\/p>\n","protected":false},"author":2,"featured_media":1597,"comment_status":"closed","ping_status":"closed","template":"","meta":{"_et_pb_use_builder":"","_et_pb_old_content":"","_et_gb_content_width":"","_tribe_events_status":"","_tribe_events_status_reason":"","footnotes":""},"tags":[],"tribe_events_cat":[4],"class_list":["post-1596","tribe_events","type-tribe_events","status-publish","has-post-thumbnail","hentry","tribe_events_cat-agenda","cat_agenda"],"_links":{"self":[{"href":"https:\/\/acpv.cat\/paisestelles\/wp-json\/wp\/v2\/tribe_events\/1596","targetHints":{"allow":["GET"]}}],"collection":[{"href":"https:\/\/acpv.cat\/paisestelles\/wp-json\/wp\/v2\/tribe_events"}],"about":[{"href":"https:\/\/acpv.cat\/paisestelles\/wp-json\/wp\/v2\/types\/tribe_events"}],"author":[{"embeddable":true,"href":"https:\/\/acpv.cat\/paisestelles\/wp-json\/wp\/v2\/users\/2"}],"replies":[{"embeddable":true,"href":"https:\/\/acpv.cat\/paisestelles\/wp-json\/wp\/v2\/comments?post=1596"}],"version-history":[{"count":1,"href":"https:\/\/acpv.cat\/paisestelles\/wp-json\/wp\/v2\/tribe_events\/1596\/revisions"}],"predecessor-version":[{"id":1599,"href":"https:\/\/acpv.cat\/paisestelles\/wp-json\/wp\/v2\/tribe_events\/1596\/revisions\/1599"}],"wp:featuredmedia":[{"embeddable":true,"href":"https:\/\/acpv.cat\/paisestelles\/wp-json\/wp\/v2\/media\/1597"}],"wp:attachment":[{"href":"https:\/\/acpv.cat\/paisestelles\/wp-json\/wp\/v2\/media?parent=1596"}],"wp:term":[{"taxonomy":"post_tag","embeddable":true,"href":"https:\/\/acpv.cat\/paisestelles\/wp-json\/wp\/v2\/tags?post=1596"},{"taxonomy":"tribe_events_cat","embeddable":true,"href":"https:\/\/acpv.cat\/paisestelles\/wp-json\/wp\/v2\/tribe_events_cat?post=1596"}],"curies":[{"name":"wp","href":"https:\/\/api.w.org\/{rel}","templated":true}]}}

Sopar Estellés &#8211; Manuel

<p>Sopar de pa i porta</p>
<p>Micro Obert &#8211; Lectura de poemes d&#8217;estellés</p>
<p>Concert de Llunació</p>
<p>Més informació: 656996242</p>
<p><img loading="lazy" decoding="async" class="alignnone size-medium wp-image-1597" src="https://acpv.cat/paisestelles/wp-content/uploads/2024/09/Manuel-quadrat-XXSS-300x300.png" alt="" width="300" height="300" /></p>

<p>Sopar de pa i porta Micro Obert &#8211; Lectura de poemes d&#8217;estellés Concert de Llunació Més informació: 656996242</p>
