{"id":1601,"date":"2024-09-26T09:41:40","date_gmt":"2024-09-26T07:41:40","guid":{"rendered":"https:\/\/acpv.cat\/paisestelles\/?post_type=tribe_events&#038;p=1601"},"modified":"2024-10-03T10:49:50","modified_gmt":"2024-10-03T08:49:50","slug":"sopar-estelles-lliria","status":"publish","type":"tribe_events","link":"https:\/\/acpv.cat\/paisestelles\/esdeveniments\/sopar-estelles-lliria\/","title":{"rendered":"Sopar Estell\u00e9s &#8211; Ll\u00edria"},"content":{"rendered":"<p>20:30 h Inauguraci\u00f3 del carrer Vicent Andr\u00e9s Estell\u00e9s al costat de l&#8217;IES Camp de T\u00faria<\/p>\n<p>21:00 h Sopar de pa i porta (Beguda i picaeta 3 \u20ac)<\/p>\n<p>Reserves sopar i m\u00e9s informaci\u00f3 a www.lliris.es o app Ajuntament de ll\u00edria<\/p>\n<p>22.15 h Lectura de poemes d&#8217;estell\u00e9s<\/p>\n<p>22:30 h Concert de B\u00e8rnia<\/p>\n<p><img loading=\"lazy\" decoding=\"async\" class=\"alignnone size-medium wp-image-1673\" src=\"https:\/\/acpv.cat\/paisestelles\/wp-content\/uploads\/2024\/09\/Lliria-cartell-A3-212x300.png\" alt=\"\" width=\"212\" height=\"300\" \/><\/p>\n","protected":false},"excerpt":{"rendered":"<p>20:30 h Inauguraci\u00f3 del carrer Vicent Andr\u00e9s Estell\u00e9s al costat de l&#8217;IES Camp de T\u00faria 21:00 h Sopar de pa i porta (Beguda i picaeta 3 \u20ac) Reserves sopar i [&hellip;]<\/p>\n","protected":false},"author":2,"featured_media":1674,"comment_status":"closed","ping_status":"closed","template":"","meta":{"_et_pb_use_builder":"","_et_pb_old_content":"","_et_gb_content_width":"","_tribe_events_status":"","_tribe_events_status_reason":"","footnotes":""},"tags":[],"tribe_events_cat":[4],"class_list":["post-1601","tribe_events","type-tribe_events","status-publish","has-post-thumbnail","hentry","tribe_events_cat-agenda","cat_agenda"],"_links":{"self":[{"href":"https:\/\/acpv.cat\/paisestelles\/wp-json\/wp\/v2\/tribe_events\/1601","targetHints":{"allow":["GET"]}}],"collection":[{"href":"https:\/\/acpv.cat\/paisestelles\/wp-json\/wp\/v2\/tribe_events"}],"about":[{"href":"https:\/\/acpv.cat\/paisestelles\/wp-json\/wp\/v2\/types\/tribe_events"}],"author":[{"embeddable":true,"href":"https:\/\/acpv.cat\/paisestelles\/wp-json\/wp\/v2\/users\/2"}],"replies":[{"embeddable":true,"href":"https:\/\/acpv.cat\/paisestelles\/wp-json\/wp\/v2\/comments?post=1601"}],"version-history":[{"count":3,"href":"https:\/\/acpv.cat\/paisestelles\/wp-json\/wp\/v2\/tribe_events\/1601\/revisions"}],"predecessor-version":[{"id":1676,"href":"https:\/\/acpv.cat\/paisestelles\/wp-json\/wp\/v2\/tribe_events\/1601\/revisions\/1676"}],"wp:featuredmedia":[{"embeddable":true,"href":"https:\/\/acpv.cat\/paisestelles\/wp-json\/wp\/v2\/media\/1674"}],"wp:attachment":[{"href":"https:\/\/acpv.cat\/paisestelles\/wp-json\/wp\/v2\/media?parent=1601"}],"wp:term":[{"taxonomy":"post_tag","embeddable":true,"href":"https:\/\/acpv.cat\/paisestelles\/wp-json\/wp\/v2\/tags?post=1601"},{"taxonomy":"tribe_events_cat","embeddable":true,"href":"https:\/\/acpv.cat\/paisestelles\/wp-json\/wp\/v2\/tribe_events_cat?post=1601"}],"curies":[{"name":"wp","href":"https:\/\/api.w.org\/{rel}","templated":true}]}}

Sopar Estellés &#8211; Llíria

<p>20:30 h Inauguració del carrer Vicent Andrés Estellés al costat de l&#8217;IES Camp de Túria</p>
<p>21:00 h Sopar de pa i porta (Beguda i picaeta 3 €)</p>
<p>Reserves sopar i més informació a www.lliris.es o app Ajuntament de llíria</p>
<p>22.15 h Lectura de poemes d&#8217;estellés</p>
<p>22:30 h Concert de Bèrnia</p>
<p><img loading="lazy" decoding="async" class="alignnone size-medium wp-image-1673" src="https://acpv.cat/paisestelles/wp-content/uploads/2024/09/Lliria-cartell-A3-212x300.png" alt="" width="212" height="300" /></p>

<p>20:30 h Inauguració del carrer Vicent Andrés Estellés al costat de l&#8217;IES Camp de Túria 21:00 h Sopar de pa i porta (Beguda i picaeta 3 €) Reserves sopar i [&hellip;]</p>
