{"id":1790,"date":"2024-10-28T16:05:19","date_gmt":"2024-10-28T15:05:19","guid":{"rendered":"https:\/\/acpv.cat\/paisestelles\/?post_type=tribe_events&#038;p=1790"},"modified":"2024-10-28T16:05:19","modified_gmt":"2024-10-28T15:05:19","slug":"sopar-estelles-monover","status":"publish","type":"tribe_events","link":"https:\/\/acpv.cat\/paisestelles\/esdeveniments\/sopar-estelles-monover\/","title":{"rendered":"Sopar Estell\u00e9s Mon\u00f2ver"},"content":{"rendered":"<p>20h Recital po\u00e8tic<\/p>\n<p>20:45h Concert de Tom\u00e0s de los Santos<\/p>\n<p>En acabar el concert sopar de cabasset.<\/p>\n<p><img loading=\"lazy\" decoding=\"async\" class=\"alignnone size-medium wp-image-1791\" src=\"https:\/\/acpv.cat\/paisestelles\/wp-content\/uploads\/2024\/10\/Q-SoparEstelles-2024_Monover_TomasDLS-300x300.jpg\" alt=\"\" width=\"300\" height=\"300\" \/><\/p>\n","protected":false},"excerpt":{"rendered":"<p>20h Recital po\u00e8tic 20:45h Concert de Tom\u00e0s de los Santos En acabar el concert sopar de cabasset.<\/p>\n","protected":false},"author":2,"featured_media":1791,"comment_status":"closed","ping_status":"closed","template":"","meta":{"_et_pb_use_builder":"","_et_pb_old_content":"","_et_gb_content_width":"","_tribe_events_status":"","_tribe_events_status_reason":"","footnotes":""},"tags":[],"tribe_events_cat":[4],"class_list":["post-1790","tribe_events","type-tribe_events","status-publish","has-post-thumbnail","hentry","tribe_events_cat-agenda","cat_agenda"],"_links":{"self":[{"href":"https:\/\/acpv.cat\/paisestelles\/wp-json\/wp\/v2\/tribe_events\/1790","targetHints":{"allow":["GET"]}}],"collection":[{"href":"https:\/\/acpv.cat\/paisestelles\/wp-json\/wp\/v2\/tribe_events"}],"about":[{"href":"https:\/\/acpv.cat\/paisestelles\/wp-json\/wp\/v2\/types\/tribe_events"}],"author":[{"embeddable":true,"href":"https:\/\/acpv.cat\/paisestelles\/wp-json\/wp\/v2\/users\/2"}],"replies":[{"embeddable":true,"href":"https:\/\/acpv.cat\/paisestelles\/wp-json\/wp\/v2\/comments?post=1790"}],"version-history":[{"count":1,"href":"https:\/\/acpv.cat\/paisestelles\/wp-json\/wp\/v2\/tribe_events\/1790\/revisions"}],"predecessor-version":[{"id":1792,"href":"https:\/\/acpv.cat\/paisestelles\/wp-json\/wp\/v2\/tribe_events\/1790\/revisions\/1792"}],"wp:featuredmedia":[{"embeddable":true,"href":"https:\/\/acpv.cat\/paisestelles\/wp-json\/wp\/v2\/media\/1791"}],"wp:attachment":[{"href":"https:\/\/acpv.cat\/paisestelles\/wp-json\/wp\/v2\/media?parent=1790"}],"wp:term":[{"taxonomy":"post_tag","embeddable":true,"href":"https:\/\/acpv.cat\/paisestelles\/wp-json\/wp\/v2\/tags?post=1790"},{"taxonomy":"tribe_events_cat","embeddable":true,"href":"https:\/\/acpv.cat\/paisestelles\/wp-json\/wp\/v2\/tribe_events_cat?post=1790"}],"curies":[{"name":"wp","href":"https:\/\/api.w.org\/{rel}","templated":true}]}}

Sopar Estellés Monòver

<p>20h Recital poètic</p>
<p>20:45h Concert de Tomàs de los Santos</p>
<p>En acabar el concert sopar de cabasset.</p>
<p><img loading="lazy" decoding="async" class="alignnone size-medium wp-image-1791" src="https://acpv.cat/paisestelles/wp-content/uploads/2024/10/Q-SoparEstelles-2024_Monover_TomasDLS-300x300.jpg" alt="" width="300" height="300" /></p>

<p>20h Recital poètic 20:45h Concert de Tomàs de los Santos En acabar el concert sopar de cabasset.</p>
