{"id":491,"date":"2024-06-14T13:03:38","date_gmt":"2024-06-14T11:03:38","guid":{"rendered":"https:\/\/acpv.cat\/paisestelles\/?post_type=tribe_events&#038;p=491"},"modified":"2024-06-14T13:04:43","modified_gmt":"2024-06-14T11:04:43","slug":"estelles-club-cabaret-a-betera","status":"publish","type":"tribe_events","link":"https:\/\/acpv.cat\/paisestelles\/esdeveniments\/estelles-club-cabaret-a-betera\/","title":{"rendered":"Estell\u00e9s Club-Cabaret a B\u00e9tera"},"content":{"rendered":"<p>El pr\u00f2xim dissabte <strong>15 de juny<\/strong> a les <strong>20:30\u202fh <\/strong>a <strong>l\u2019Ateneu de B\u00e9tera<\/strong> tindr\u00e0 lloc l\u2019obra de teatre <strong>\u201cEstell\u00e9s Club-Cabaret\u201d <\/strong>de la companyia <strong>Circorama Teatre. <\/strong><\/p>\n<p><strong>Sobre l\u2019obra: <\/strong><\/p>\n<p>Estem a la planta baixa de l\u2019hotel Par\u00eds. De dia, all\u00f2 pareix una llibreria, i n\u2019hi ha clients, intel\u00b7lectuals, gent de la cultura i tot aix\u00f2. Per\u00f2, a la nit: ah!, a la nit. A la nit all\u00f2 \u00e9s un bar de la prohibici\u00f3. S\u00ed, s\u00ed: n\u2019hi ha Llei seca al nostre Pa\u00eds, no d\u2019alcohol, no, sin\u00f3 de cultura! Per\u00f2 all\u00e0 podreu beure cultura, quasib\u00e9 mamar cultura.<\/p>\n<p>Benvinguts a l\u2019Estell\u00e9s Club-Cabaret!<\/p>\n<p>Com ja haureu dedu\u00eft, la funci\u00f3 est\u00e0 dedicada al Vicent Andr\u00e9s Estell\u00e9s, ja sabeu: el m\u00e9s gran poeta contemporani en llengua catalana; el que cercant la posteritat del seu poble, troba sense pretendre-la la seua immortalitat; el br\u00f2fec; l\u2019escatol\u00f2gic; el sacerdot de la paraula\u2026 El poeta-profeta. Ja sabeu, Estell\u00e9s.<\/p>\n<p>Aquesta obra \u00e9s una adaptaci\u00f3 teatral de peces clau de la poesia d\u2019Estell\u00e9s. Amb un to cabareter i am\u00e9, mant\u00e9 un rigor literari escrupol\u00f3s. Utilitza un llenguatge \u00e0gil i clar, per\u00f2 que permet al p\u00fablic reflexionar. El seu to c\u00f2mic alleuja els missatges importants de la poesia d\u2019Estell\u00e9s sense perdre la seua vibraci\u00f3 i bellesa.<\/p>\n<p>Entrada lliure a canvi de consumici\u00f3!<\/p>\n","protected":false},"excerpt":{"rendered":"<p>El pr\u00f2xim dissabte 15 de juny a les 20:30\u202fh a l\u2019Ateneu de B\u00e9tera tindr\u00e0 lloc l\u2019obra de teatre \u201cEstell\u00e9s Club-Cabaret\u201d de la companyia Circorama Teatre. Sobre l\u2019obra: Estem a la [&hellip;]<\/p>\n","protected":false},"author":2,"featured_media":492,"comment_status":"closed","ping_status":"closed","template":"","meta":{"_et_pb_use_builder":"","_et_pb_old_content":"","_et_gb_content_width":"","_tribe_events_status":"","_tribe_events_status_reason":"","footnotes":""},"tags":[],"tribe_events_cat":[4],"class_list":["post-491","tribe_events","type-tribe_events","status-publish","has-post-thumbnail","hentry","tribe_events_cat-agenda","cat_agenda"],"_links":{"self":[{"href":"https:\/\/acpv.cat\/paisestelles\/wp-json\/wp\/v2\/tribe_events\/491","targetHints":{"allow":["GET"]}}],"collection":[{"href":"https:\/\/acpv.cat\/paisestelles\/wp-json\/wp\/v2\/tribe_events"}],"about":[{"href":"https:\/\/acpv.cat\/paisestelles\/wp-json\/wp\/v2\/types\/tribe_events"}],"author":[{"embeddable":true,"href":"https:\/\/acpv.cat\/paisestelles\/wp-json\/wp\/v2\/users\/2"}],"replies":[{"embeddable":true,"href":"https:\/\/acpv.cat\/paisestelles\/wp-json\/wp\/v2\/comments?post=491"}],"version-history":[{"count":1,"href":"https:\/\/acpv.cat\/paisestelles\/wp-json\/wp\/v2\/tribe_events\/491\/revisions"}],"predecessor-version":[{"id":494,"href":"https:\/\/acpv.cat\/paisestelles\/wp-json\/wp\/v2\/tribe_events\/491\/revisions\/494"}],"wp:featuredmedia":[{"embeddable":true,"href":"https:\/\/acpv.cat\/paisestelles\/wp-json\/wp\/v2\/media\/492"}],"wp:attachment":[{"href":"https:\/\/acpv.cat\/paisestelles\/wp-json\/wp\/v2\/media?parent=491"}],"wp:term":[{"taxonomy":"post_tag","embeddable":true,"href":"https:\/\/acpv.cat\/paisestelles\/wp-json\/wp\/v2\/tags?post=491"},{"taxonomy":"tribe_events_cat","embeddable":true,"href":"https:\/\/acpv.cat\/paisestelles\/wp-json\/wp\/v2\/tribe_events_cat?post=491"}],"curies":[{"name":"wp","href":"https:\/\/api.w.org\/{rel}","templated":true}]}}

Estellés Club-Cabaret a Bétera

<p>El pròxim dissabte <strong>15 de juny</strong> a les <strong>20:30 h </strong>a <strong>l’Ateneu de Bétera</strong> tindrà lloc l’obra de teatre <strong>“Estellés Club-Cabaret” </strong>de la companyia <strong>Circorama Teatre. </strong></p>
<p><strong>Sobre l’obra: </strong></p>
<p>Estem a la planta baixa de l’hotel París. De dia, allò pareix una llibreria, i n’hi ha clients, intel·lectuals, gent de la cultura i tot això. Però, a la nit: ah!, a la nit. A la nit allò és un bar de la prohibició. Sí, sí: n’hi ha Llei seca al nostre País, no d’alcohol, no, sinó de cultura! Però allà podreu beure cultura, quasibé mamar cultura.</p>
<p>Benvinguts a l’Estellés Club-Cabaret!</p>
<p>Com ja haureu deduït, la funció està dedicada al Vicent Andrés Estellés, ja sabeu: el més gran poeta contemporani en llengua catalana; el que cercant la posteritat del seu poble, troba sense pretendre-la la seua immortalitat; el bròfec; l’escatològic; el sacerdot de la paraula… El poeta-profeta. Ja sabeu, Estellés.</p>
<p>Aquesta obra és una adaptació teatral de peces clau de la poesia d’Estellés. Amb un to cabareter i amé, manté un rigor literari escrupolós. Utilitza un llenguatge àgil i clar, però que permet al públic reflexionar. El seu to còmic alleuja els missatges importants de la poesia d’Estellés sense perdre la seua vibració i bellesa.</p>
<p>Entrada lliure a canvi de consumició!</p>

<p>El pròxim dissabte 15 de juny a les 20:30 h a l’Ateneu de Bétera tindrà lloc l’obra de teatre “Estellés Club-Cabaret” de la companyia Circorama Teatre. Sobre l’obra: Estem a la [&hellip;]</p>
