{"id":502,"date":"2024-06-14T14:51:32","date_gmt":"2024-06-14T12:51:32","guid":{"rendered":"https:\/\/acpv.cat\/paisestelles\/?post_type=tribe_events&#038;p=502"},"modified":"2024-06-14T14:51:32","modified_gmt":"2024-06-14T12:51:32","slug":"acte-central-any-estelles-institucio-de-les-lletres-catalanes","status":"publish","type":"tribe_events","link":"https:\/\/acpv.cat\/paisestelles\/esdeveniments\/acte-central-any-estelles-institucio-de-les-lletres-catalanes\/","title":{"rendered":"Acte central Any Estell\u00e9s. Instituci\u00f3 de les Lletres Catalanes"},"content":{"rendered":"<p>Tant si vost\u00e8 ho permet o com si no&#8217;<\/p>\n<p>Organitzat per @lletrescatalanes amb la col\u00b7laboraci\u00f3 d&#8217;ACPV, la Plataforma Cent d&#8217;Estell\u00e9s i L&#8217;OctubreCCC.<\/p>\n<p>Aquest acte ser\u00e0 una oportunitat per recordar i celebrar l\u2019obra de Vicent Andr\u00e9s Estell\u00e9s a trav\u00e9s de les paraules de destacades figures de la literatura i la cultura catalanes, aix\u00ed com per gaudir de l\u2019actuaci\u00f3 musical d&#8217; @andreu_valor<\/p>\n","protected":false},"excerpt":{"rendered":"<p>Tant si vost\u00e8 ho permet o com si no&#8217; Organitzat per @lletrescatalanes amb la col\u00b7laboraci\u00f3 d&#8217;ACPV, la Plataforma Cent d&#8217;Estell\u00e9s i L&#8217;OctubreCCC. Aquest acte ser\u00e0 una oportunitat per recordar i [&hellip;]<\/p>\n","protected":false},"author":2,"featured_media":503,"comment_status":"closed","ping_status":"closed","template":"","meta":{"_et_pb_use_builder":"","_et_pb_old_content":"","_et_gb_content_width":"","_tribe_events_status":"","_tribe_events_status_reason":"","footnotes":""},"tags":[],"tribe_events_cat":[4],"class_list":["post-502","tribe_events","type-tribe_events","status-publish","has-post-thumbnail","hentry","tribe_events_cat-agenda","cat_agenda"],"_links":{"self":[{"href":"https:\/\/acpv.cat\/paisestelles\/wp-json\/wp\/v2\/tribe_events\/502","targetHints":{"allow":["GET"]}}],"collection":[{"href":"https:\/\/acpv.cat\/paisestelles\/wp-json\/wp\/v2\/tribe_events"}],"about":[{"href":"https:\/\/acpv.cat\/paisestelles\/wp-json\/wp\/v2\/types\/tribe_events"}],"author":[{"embeddable":true,"href":"https:\/\/acpv.cat\/paisestelles\/wp-json\/wp\/v2\/users\/2"}],"replies":[{"embeddable":true,"href":"https:\/\/acpv.cat\/paisestelles\/wp-json\/wp\/v2\/comments?post=502"}],"version-history":[{"count":1,"href":"https:\/\/acpv.cat\/paisestelles\/wp-json\/wp\/v2\/tribe_events\/502\/revisions"}],"predecessor-version":[{"id":504,"href":"https:\/\/acpv.cat\/paisestelles\/wp-json\/wp\/v2\/tribe_events\/502\/revisions\/504"}],"wp:featuredmedia":[{"embeddable":true,"href":"https:\/\/acpv.cat\/paisestelles\/wp-json\/wp\/v2\/media\/503"}],"wp:attachment":[{"href":"https:\/\/acpv.cat\/paisestelles\/wp-json\/wp\/v2\/media?parent=502"}],"wp:term":[{"taxonomy":"post_tag","embeddable":true,"href":"https:\/\/acpv.cat\/paisestelles\/wp-json\/wp\/v2\/tags?post=502"},{"taxonomy":"tribe_events_cat","embeddable":true,"href":"https:\/\/acpv.cat\/paisestelles\/wp-json\/wp\/v2\/tribe_events_cat?post=502"}],"curies":[{"name":"wp","href":"https:\/\/api.w.org\/{rel}","templated":true}]}}

Acte central Any Estellés. Institució de les Lletres Catalanes

<p>Tant si vostè ho permet o com si no&#8217;</p>
<p>Organitzat per @lletrescatalanes amb la col·laboració d&#8217;ACPV, la Plataforma Cent d&#8217;Estellés i L&#8217;OctubreCCC.</p>
<p>Aquest acte serà una oportunitat per recordar i celebrar l’obra de Vicent Andrés Estellés a través de les paraules de destacades figures de la literatura i la cultura catalanes, així com per gaudir de l’actuació musical d&#8217; @andreu_valor</p>

<p>Tant si vostè ho permet o com si no&#8217; Organitzat per @lletrescatalanes amb la col·laboració d&#8217;ACPV, la Plataforma Cent d&#8217;Estellés i L&#8217;OctubreCCC. Aquest acte serà una oportunitat per recordar i [&hellip;]</p>
