{"id":958,"date":"2024-07-17T16:14:48","date_gmt":"2024-07-17T14:14:48","guid":{"rendered":"https:\/\/acpv.cat\/paisestelles\/?post_type=tribe_events&#038;p=958"},"modified":"2024-07-17T16:14:48","modified_gmt":"2024-07-17T14:14:48","slug":"sopar-estelles-atzeneta-del-maestrat","status":"publish","type":"tribe_events","link":"https:\/\/acpv.cat\/paisestelles\/esdeveniments\/sopar-estelles-atzeneta-del-maestrat\/","title":{"rendered":"Sopar Estell\u00e9s &#8211; Atzeneta del Maestrat"},"content":{"rendered":"<blockquote>\n<ul>\n<li>19.00 h Ruta liter\u00e0ria \u00abEstell\u00e9s, poeta del poble\u00bb. Inici des de l&#8217;Oficina de Turisme.<\/li>\n<li>20.30 h Sopar de pa i porta. Al pati de la Casa Bet\u00e0nia (av. de Castell\u00f3, 43). Aportaci\u00f3: 2 \u20ac Cal inscripci\u00f3 pr\u00e8via abans del dijous 19\/09 <a href=\"https:\/\/ja.cat\/EstellesAtzeneta\" target=\"_blank\" rel=\"noopener\" data-saferedirecturl=\"https:\/\/www.google.com\/url?q=https:\/\/ja.cat\/EstellesAtzeneta&amp;source=gmail&amp;ust=1721311584160000&amp;usg=AOvVaw1THi6DRJ3BrDP1c0MnvKYO\">https:\/\/ja.cat\/<wbr \/>EstellesAtzeneta<\/a><\/li>\n<li>22.00 h Concert d&#8217;Esther Quiles<\/li>\n<\/ul>\n<p><img loading=\"lazy\" decoding=\"async\" class=\"alignnone size-medium wp-image-959\" src=\"https:\/\/acpv.cat\/paisestelles\/wp-content\/uploads\/2024\/07\/Q-SoparEstelles-2024_AtzenetaM-300x300.jpg\" alt=\"\" width=\"300\" height=\"300\" \/><\/p><\/blockquote>\n","protected":false},"excerpt":{"rendered":"<p>19.00 h Ruta liter\u00e0ria \u00abEstell\u00e9s, poeta del poble\u00bb. Inici des de l&#8217;Oficina de Turisme. 20.30 h Sopar de pa i porta. Al pati de la Casa Bet\u00e0nia (av. de Castell\u00f3, [&hellip;]<\/p>\n","protected":false},"author":2,"featured_media":959,"comment_status":"closed","ping_status":"closed","template":"","meta":{"_et_pb_use_builder":"","_et_pb_old_content":"","_et_gb_content_width":"","_tribe_events_status":"","_tribe_events_status_reason":"","footnotes":""},"tags":[],"tribe_events_cat":[4],"class_list":["post-958","tribe_events","type-tribe_events","status-publish","has-post-thumbnail","hentry","tribe_events_cat-agenda","cat_agenda"],"_links":{"self":[{"href":"https:\/\/acpv.cat\/paisestelles\/wp-json\/wp\/v2\/tribe_events\/958","targetHints":{"allow":["GET"]}}],"collection":[{"href":"https:\/\/acpv.cat\/paisestelles\/wp-json\/wp\/v2\/tribe_events"}],"about":[{"href":"https:\/\/acpv.cat\/paisestelles\/wp-json\/wp\/v2\/types\/tribe_events"}],"author":[{"embeddable":true,"href":"https:\/\/acpv.cat\/paisestelles\/wp-json\/wp\/v2\/users\/2"}],"replies":[{"embeddable":true,"href":"https:\/\/acpv.cat\/paisestelles\/wp-json\/wp\/v2\/comments?post=958"}],"version-history":[{"count":1,"href":"https:\/\/acpv.cat\/paisestelles\/wp-json\/wp\/v2\/tribe_events\/958\/revisions"}],"predecessor-version":[{"id":960,"href":"https:\/\/acpv.cat\/paisestelles\/wp-json\/wp\/v2\/tribe_events\/958\/revisions\/960"}],"wp:featuredmedia":[{"embeddable":true,"href":"https:\/\/acpv.cat\/paisestelles\/wp-json\/wp\/v2\/media\/959"}],"wp:attachment":[{"href":"https:\/\/acpv.cat\/paisestelles\/wp-json\/wp\/v2\/media?parent=958"}],"wp:term":[{"taxonomy":"post_tag","embeddable":true,"href":"https:\/\/acpv.cat\/paisestelles\/wp-json\/wp\/v2\/tags?post=958"},{"taxonomy":"tribe_events_cat","embeddable":true,"href":"https:\/\/acpv.cat\/paisestelles\/wp-json\/wp\/v2\/tribe_events_cat?post=958"}],"curies":[{"name":"wp","href":"https:\/\/api.w.org\/{rel}","templated":true}]}}

Sopar Estellés &#8211; Atzeneta del Maestrat

<blockquote>
<ul>
<li>19.00 h Ruta literària «Estellés, poeta del poble». Inici des de l&#8217;Oficina de Turisme.</li>
<li>20.30 h Sopar de pa i porta. Al pati de la Casa Betània (av. de Castelló, 43). Aportació: 2 € Cal inscripció prèvia abans del dijous 19/09 <a href="https://ja.cat/EstellesAtzeneta" target="_blank" rel="noopener" data-saferedirecturl="https://www.google.com/url?q=https://ja.cat/EstellesAtzeneta&amp;source=gmail&amp;ust=1721311584160000&amp;usg=AOvVaw1THi6DRJ3BrDP1c0MnvKYO">https://ja.cat/<wbr />EstellesAtzeneta</a></li>
<li>22.00 h Concert d&#8217;Esther Quiles</li>
</ul>
<p><img loading="lazy" decoding="async" class="alignnone size-medium wp-image-959" src="https://acpv.cat/paisestelles/wp-content/uploads/2024/07/Q-SoparEstelles-2024_AtzenetaM-300x300.jpg" alt="" width="300" height="300" /></p></blockquote>

<p>19.00 h Ruta literària «Estellés, poeta del poble». Inici des de l&#8217;Oficina de Turisme. 20.30 h Sopar de pa i porta. Al pati de la Casa Betània (av. de Castelló, [&hellip;]</p>
