{"id":971,"date":"2024-07-19T20:01:47","date_gmt":"2024-07-19T18:01:47","guid":{"rendered":"https:\/\/acpv.cat\/paisestelles\/?post_type=tribe_events&#038;p=971"},"modified":"2024-07-19T20:01:54","modified_gmt":"2024-07-19T18:01:54","slug":"presentacio-unitats-didactiques-de-v-andres-estelles-i-maria-ibars","status":"publish","type":"tribe_events","link":"https:\/\/acpv.cat\/paisestelles\/esdeveniments\/presentacio-unitats-didactiques-de-v-andres-estelles-i-maria-ibars\/","title":{"rendered":"Presentaci\u00f3 Unitats Did\u00e0ctiques de V. Andr\u00e9s Estell\u00e9s i Maria Ibars"},"content":{"rendered":"<p>Amb la participaci\u00f3 de Rosa Roig i els autors del material did\u00e0ctic Toni Esp\u00ed, Tom\u00e0s Llopis, J\u00falia Salom i Francesco de Vicenti.<\/p>\n<p><img loading=\"lazy\" decoding=\"async\" class=\"alignnone size-medium wp-image-972\" src=\"https:\/\/acpv.cat\/paisestelles\/wp-content\/uploads\/2024\/07\/WhatsApp-Image-2024-07-19-at-19.56.22-300x300.jpeg\" alt=\"\" width=\"300\" height=\"300\" \/><\/p>\n","protected":false},"excerpt":{"rendered":"<p>Amb la participaci\u00f3 de Rosa Roig i els autors del material did\u00e0ctic Toni Esp\u00ed, Tom\u00e0s Llopis, J\u00falia Salom i Francesco de Vicenti.<\/p>\n","protected":false},"author":2,"featured_media":972,"comment_status":"closed","ping_status":"closed","template":"","meta":{"_et_pb_use_builder":"","_et_pb_old_content":"","_et_gb_content_width":"","_tribe_events_status":"","_tribe_events_status_reason":"","footnotes":""},"tags":[],"tribe_events_cat":[4],"class_list":["post-971","tribe_events","type-tribe_events","status-publish","has-post-thumbnail","hentry","tribe_events_cat-agenda","cat_agenda"],"_links":{"self":[{"href":"https:\/\/acpv.cat\/paisestelles\/wp-json\/wp\/v2\/tribe_events\/971","targetHints":{"allow":["GET"]}}],"collection":[{"href":"https:\/\/acpv.cat\/paisestelles\/wp-json\/wp\/v2\/tribe_events"}],"about":[{"href":"https:\/\/acpv.cat\/paisestelles\/wp-json\/wp\/v2\/types\/tribe_events"}],"author":[{"embeddable":true,"href":"https:\/\/acpv.cat\/paisestelles\/wp-json\/wp\/v2\/users\/2"}],"replies":[{"embeddable":true,"href":"https:\/\/acpv.cat\/paisestelles\/wp-json\/wp\/v2\/comments?post=971"}],"version-history":[{"count":1,"href":"https:\/\/acpv.cat\/paisestelles\/wp-json\/wp\/v2\/tribe_events\/971\/revisions"}],"predecessor-version":[{"id":973,"href":"https:\/\/acpv.cat\/paisestelles\/wp-json\/wp\/v2\/tribe_events\/971\/revisions\/973"}],"wp:featuredmedia":[{"embeddable":true,"href":"https:\/\/acpv.cat\/paisestelles\/wp-json\/wp\/v2\/media\/972"}],"wp:attachment":[{"href":"https:\/\/acpv.cat\/paisestelles\/wp-json\/wp\/v2\/media?parent=971"}],"wp:term":[{"taxonomy":"post_tag","embeddable":true,"href":"https:\/\/acpv.cat\/paisestelles\/wp-json\/wp\/v2\/tags?post=971"},{"taxonomy":"tribe_events_cat","embeddable":true,"href":"https:\/\/acpv.cat\/paisestelles\/wp-json\/wp\/v2\/tribe_events_cat?post=971"}],"curies":[{"name":"wp","href":"https:\/\/api.w.org\/{rel}","templated":true}]}}

Presentació Unitats Didàctiques de V. Andrés Estellés i Maria Ibars

<p>Amb la participació de Rosa Roig i els autors del material didàctic Toni Espí, Tomàs Llopis, Júlia Salom i Francesco de Vicenti.</p>
<p><img loading="lazy" decoding="async" class="alignnone size-medium wp-image-972" src="https://acpv.cat/paisestelles/wp-content/uploads/2024/07/WhatsApp-Image-2024-07-19-at-19.56.22-300x300.jpeg" alt="" width="300" height="300" /></p>

<p>Amb la participació de Rosa Roig i els autors del material didàctic Toni Espí, Tomàs Llopis, Júlia Salom i Francesco de Vicenti.</p>
